{"id":9233,"date":"2020-02-12T18:39:23","date_gmt":"2020-02-12T18:39:23","guid":{"rendered":"https:\/\/web.sistemasfce.com.ar\/wordpress\/?page_id=9233"},"modified":"2025-02-19T14:40:26","modified_gmt":"2025-02-19T17:40:26","slug":"tecnico-univ-adm-publica-tw","status":"publish","type":"page","link":"https:\/\/web.sistemasfce.com.ar\/wordpress\/index.php\/alumnos-2\/carreras\/tecnico-univ-adm-publica-tw\/","title":{"rendered":"T\u00e9cnico Universitario en Administraci\u00f3n P\u00fablica"},"content":{"rendered":"<div class=\"wpb-content-wrapper\"><div id=\"modal-ready\"><p>[vc_row][vc_column][vc_column_text]<strong>Campo Ocupacional:<\/strong> Es una Carrera corta de nivel universitario. Prevee la formaci\u00f3n de los funcionarios que se desempe\u00f1en en niveles intermedios de la administraci\u00f3n p\u00fablica nacional, provincial y municipal, tanto centralizada como descentralizada. Realizar el relevamiento de la informaci\u00f3n necesaria para la toma de decisiones, el planeamiento y control de la administraci\u00f3n p\u00fablica. Elaborar informes en base a relevamiento efectuado, para los niveles ejecutivo, legislativo y de control. Participar en la implementaci\u00f3n de pol\u00edticas, pocedimientos y reglas de funcionamiento del sector administrativo<\/p>\n<p>&nbsp;<\/p>\n<p><strong>Duraci\u00f3n:<\/strong> 3 A\u00f1os.<br \/>\n<strong>Titulo:<\/strong> T\u00e9cnico Universitario en Administraci\u00f3n P\u00fablica.[\/vc_column_text][vc_btn title=&#8221;Bajar Plan de Estudios&#8221; i_icon_fontawesome=&#8221;&#8221; add_icon=&#8221;true&#8221; link=&#8221;url:http%3A%2F%2Fweb.sistemasfce.com.ar%2Fwordpress%2Fwp-content%2Fuploads%2F2021%2F07%2FPLAN-TUAP.pdf|title:Plan%20Tec.%20Univ.%20en%20Administraci%C3%B3n%20P%C3%BAblica|target:_blank&#8221;][\/vc_column][\/vc_row][vc_row][vc_column][vc_text_separator title=&#8221;Listado de Materias&#8221;][vc_btn title=&#8221;Estructura Curricular del la Tecnicatura Universitaria en Administraci\u00f3n P\u00fablica&#8221; css=&#8221;&#8221; link=&#8221;url:http%3A%2F%2Ftahio.sistemasfce.com.ar%2Fplanes%2Findex.html%3F3_5|target:_blank&#8221;][\/vc_column][\/vc_row][vc_row][vc_column][vc_column_text]<iframe loading=\"lazy\" src=\"http:\/\/tahio.sistemasfce.com.ar\/planes\/index.html?3_5\" width=\"100%\" height=\"1600\" frameborder=\"0\"><\/iframe>[\/vc_column_text][\/vc_column][\/vc_row]<\/p>\n<\/div><\/div>","protected":false},"excerpt":{"rendered":"<p>[vc_row][vc_column][vc_column_text]Campo Ocupacional: Es una Carrera corta de nivel universitario. Prevee la formaci\u00f3n de los funcionarios &hellip; <\/p>\n","protected":false},"author":4,"featured_media":0,"parent":8171,"menu_order":0,"comment_status":"closed","ping_status":"closed","template":"","meta":{"pmpro_default_level":"","footnotes":""},"class_list":["post-9233","page","type-page","status-publish","hentry","pmpro-has-access"],"_links":{"self":[{"href":"https:\/\/web.sistemasfce.com.ar\/wordpress\/index.php\/wp-json\/wp\/v2\/pages\/9233","targetHints":{"allow":["GET"]}}],"collection":[{"href":"https:\/\/web.sistemasfce.com.ar\/wordpress\/index.php\/wp-json\/wp\/v2\/pages"}],"about":[{"href":"https:\/\/web.sistemasfce.com.ar\/wordpress\/index.php\/wp-json\/wp\/v2\/types\/page"}],"author":[{"embeddable":true,"href":"https:\/\/web.sistemasfce.com.ar\/wordpress\/index.php\/wp-json\/wp\/v2\/users\/4"}],"replies":[{"embeddable":true,"href":"https:\/\/web.sistemasfce.com.ar\/wordpress\/index.php\/wp-json\/wp\/v2\/comments?post=9233"}],"version-history":[{"count":9,"href":"https:\/\/web.sistemasfce.com.ar\/wordpress\/index.php\/wp-json\/wp\/v2\/pages\/9233\/revisions"}],"predecessor-version":[{"id":15053,"href":"https:\/\/web.sistemasfce.com.ar\/wordpress\/index.php\/wp-json\/wp\/v2\/pages\/9233\/revisions\/15053"}],"up":[{"embeddable":true,"href":"https:\/\/web.sistemasfce.com.ar\/wordpress\/index.php\/wp-json\/wp\/v2\/pages\/8171"}],"wp:attachment":[{"href":"https:\/\/web.sistemasfce.com.ar\/wordpress\/index.php\/wp-json\/wp\/v2\/media?parent=9233"}],"curies":[{"name":"wp","href":"https:\/\/api.w.org\/{rel}","templated":true}]}}