{"id":398,"date":"2018-04-20T17:00:33","date_gmt":"2018-04-20T17:00:33","guid":{"rendered":"https:\/\/web.sistemasfce.com.ar\/wordpress\/?page_id=398"},"modified":"2025-09-30T18:20:42","modified_gmt":"2025-09-30T21:20:42","slug":"quienes-somos","status":"publish","type":"page","link":"https:\/\/web.sistemasfce.com.ar\/wordpress\/index.php\/institucional\/quienes-somos\/","title":{"rendered":"Quienes somos"},"content":{"rendered":"<div class=\"wpb-content-wrapper\"><div id=\"modal-ready\"><p>[vc_row full_width=&#8221;stretch_row&#8221; full_height=&#8221;yes&#8221;][vc_column][vc_column_text]<\/p>\n<p style=\"text-align: justify;\"><span style=\"color: #000000;\"><strong>Ciencias Econ\u00f3micas<\/strong>\u00a0es una de las cinco Facultades que conforman la\u00a0<strong>Universidad Nacional de la Patagonia San Juan Bosco.<\/strong><\/span><\/p>\n<p style=\"text-align: justify;\"><span style=\"color: #000000;\">La Sede de la Facultad se encuentra en la ciudad de\u00a0<strong>Trelew<\/strong>\u00a0y existen, adem\u00e1s, Delegaciones Acad\u00e9micas en\u00a0<strong>Comodoro Rivadavia y Esquel.<\/strong><\/span><\/p>\n<p style=\"text-align: justify;\"><span style=\"color: #000000;\">Nuestra Casa tiene una extensa trayectoria formando profesionales en las \u00e1reas relacionadas a ciencias y tecnolog\u00edas econ\u00f3micas, comerciales y administrativas.<\/span><\/p>\n<p style=\"text-align: justify;\"><span style=\"color: #000000;\">Agrupada acad\u00e9micamente en seis Departamentos (<strong>Administraci\u00f3n, Contabilidad, Derecho, Econom\u00eda, Humanidades y Matem\u00e1tica)<\/strong>, la Facultad dicta asignaturas en el marco de su oferta de cuatro carreras de grado (<strong>Contador P\u00fablico, Licenciatura en Administraci\u00f3n, Licenciatura en Econom\u00eda, y Licenciatura en Administraci\u00f3n de Empresas Tur\u00edsticas<\/strong>), diversas carreras de Pregrado (<strong>Tecnicatura en Administraci\u00f3n Ambiental, Tecnicatura Bancaria, Tecnicatura Universitaria Contable, Tecnicatura en Cooperativas y Tecnicatura en Administraci\u00f3n P\u00fablica<\/strong>), y tambi\u00e9n de Posgrado.<\/span><\/p>\n<p style=\"text-align: justify;\"><span style=\"color: #000000;\">Se pretende lograr una ense\u00f1anza de calidad que combine la adecuada fundamentaci\u00f3n de los contenidos con la orientaci\u00f3n a la pr\u00e1ctica, las nuevas tecnolog\u00edas y la preparaci\u00f3n para los nuevos desaf\u00edos de la sociedad; y en ese sentido, creemos que una de las principales fortalezas de nuestra instituci\u00f3n la constituye el compromiso de nuestros profesores e investigadores para que nuestros estudiantes puedan desarrollar sus capacidades y potencial como futuros profesionales, s\u00f3lidos, honestos y proactivos, en un ambiente amigable y protegido. Desde esas premisas fundamentales, la Facultad brinda un conjunto equilibrado de conocimientos te\u00f3ricos y pr\u00e1cticos que permiten a los graduados competir exitosamente en distintos \u00e1mbitos nacionales e internacionales.<\/span><\/p>\n<p style=\"text-align: justify;\"><span style=\"color: #000000;\">Una de las caracter\u00edsticas que intentamos potenciar, en la actualidad, se relaciona con la mayor vinculaci\u00f3n con el medio local, regional, nacional e internacional, a trav\u00e9s de la planificaci\u00f3n de\u00a0<strong>eventos<\/strong>\u00a0de inter\u00e9s para la comunidad, el fomento de actividades de investigaci\u00f3n y la mejora continua en los aspectos comunicacionales internos y externos.<\/span><\/p>\n<p style=\"text-align: justify;\"><span style=\"color: #000000;\">La conexi\u00f3n laboral es una de las ventajas importantes para los estudiantes. A trav\u00e9s de los servicios especializados que brinda la Facultad, se cumplen\u00a0<strong>pasant\u00edas\u00a0<\/strong>en organizaciones del medio y muchos de nuestros egresados ya se encuentran trabajando al momento de finalizar sus carreras.<\/span><\/p>\n<p style=\"text-align: justify;\"><span style=\"color: #000000;\">Nos sentimos orgullosos de nuestros\u00a0<strong>graduados<\/strong>, formados en nuestras aulas, con un estilo de exigencia profesional y calidad. Ellos constituyen nuestro mejor aval.<\/span><\/p>\n<p style=\"text-align: justify;\"><span style=\"color: #000000;\">Cordiales saludos\u2026<\/span><\/p>\n<p style=\"text-align: justify;\"><span style=\"color: #000000;\"><strong>Facultad de Ciencias Econ\u00f3micas &#8211; U.N.P.S.J.B.<\/strong><\/span><\/p>\n<p>[\/vc_column_text][\/vc_column][\/vc_row][vc_row][vc_column][vc_column_text css=&#8221;&#8221;]<\/p>\n<p><span style=\"color: #800080;\"><b>Explorando nuestro legado acad\u00e9mico &#8211; Un retrato temporal de nuestra Facultad<\/b><\/span><\/p>\n<div><span style=\"color: #000000; font-size: 14px;\">A trav\u00e9s del proyecto &#8220;Explorando nuestro legado acad\u00e9mico&#8221;, se document\u00f3 y analiz\u00f3 la trayectoria de la Facultad de Ciencias Econ\u00f3micas desde sus inicios, con el prop\u00f3sito de preservar su memoria hist\u00f3rica y evaluar su impacto en la sociedad.\u00a0<\/span><\/div>\n<div><span style=\"font-size: 14px;\"><span style=\"color: #000000;\">Te invitamos a explorar este legado.<br \/>\n<\/span><span style=\"font-size: 13px;\">Resoluci\u00f3n N\u00b0 70\/2024 DFCE<\/span><\/span><\/div>\n<div><\/div>\n<div><\/div>\n<p>[\/vc_column_text][\/vc_column][\/vc_row][vc_row][vc_column][vc_video link=&#8221;https:\/\/youtu.be\/RuKa63wRw9Y&#8221; el_width=&#8221;60&#8243; align=&#8221;center&#8221; css=&#8221;&#8221; title=&#8221;Explorando nuestro legado acad\u00e9mico. Un retrato temporal de nuestra Facultad&#8221;][\/vc_column][\/vc_row][vc_row][vc_column][vc_single_image image=&#8221;15694&#8243; img_size=&#8221;medium&#8221; style=&#8221;vc_box_shadow&#8221; onclick=&#8221;custom_link&#8221; css=&#8221;&#8221; title=&#8221;Poster para descargar&#8221; link=&#8221;https:\/\/drive.google.com\/file\/d\/1IMA7TdTSz9ci3zp28zt2nhS47FqokOPg\/view?usp=drive_web&#8221;][\/vc_column][\/vc_row]<\/p>\n<\/div><\/div>","protected":false},"excerpt":{"rendered":"<p>[vc_row full_width=&#8221;stretch_row&#8221; full_height=&#8221;yes&#8221;][vc_column][vc_column_text] Ciencias Econ\u00f3micas\u00a0es una de las cinco Facultades que conforman la\u00a0Universidad Nacional de &hellip; <\/p>\n","protected":false},"author":6,"featured_media":0,"parent":396,"menu_order":0,"comment_status":"closed","ping_status":"closed","template":"","meta":{"pmpro_default_level":"","footnotes":""},"class_list":["post-398","page","type-page","status-publish","hentry","pmpro-has-access"],"_links":{"self":[{"href":"https:\/\/web.sistemasfce.com.ar\/wordpress\/index.php\/wp-json\/wp\/v2\/pages\/398","targetHints":{"allow":["GET"]}}],"collection":[{"href":"https:\/\/web.sistemasfce.com.ar\/wordpress\/index.php\/wp-json\/wp\/v2\/pages"}],"about":[{"href":"https:\/\/web.sistemasfce.com.ar\/wordpress\/index.php\/wp-json\/wp\/v2\/types\/page"}],"author":[{"embeddable":true,"href":"https:\/\/web.sistemasfce.com.ar\/wordpress\/index.php\/wp-json\/wp\/v2\/users\/6"}],"replies":[{"embeddable":true,"href":"https:\/\/web.sistemasfce.com.ar\/wordpress\/index.php\/wp-json\/wp\/v2\/comments?post=398"}],"version-history":[{"count":6,"href":"https:\/\/web.sistemasfce.com.ar\/wordpress\/index.php\/wp-json\/wp\/v2\/pages\/398\/revisions"}],"predecessor-version":[{"id":15695,"href":"https:\/\/web.sistemasfce.com.ar\/wordpress\/index.php\/wp-json\/wp\/v2\/pages\/398\/revisions\/15695"}],"up":[{"embeddable":true,"href":"https:\/\/web.sistemasfce.com.ar\/wordpress\/index.php\/wp-json\/wp\/v2\/pages\/396"}],"wp:attachment":[{"href":"https:\/\/web.sistemasfce.com.ar\/wordpress\/index.php\/wp-json\/wp\/v2\/media?parent=398"}],"curies":[{"name":"wp","href":"https:\/\/api.w.org\/{rel}","templated":true}]}}