{"id":310,"date":"2018-04-17T13:49:29","date_gmt":"2018-04-17T13:49:29","guid":{"rendered":"https:\/\/web.sistemasfce.com.ar\/wordpress\/?page_id=310"},"modified":"2025-06-25T17:17:22","modified_gmt":"2025-06-25T20:17:22","slug":"servicios-a-terceros","status":"publish","type":"page","link":"https:\/\/web.sistemasfce.com.ar\/wordpress\/index.php\/extension\/servicios-a-terceros\/","title":{"rendered":"Servicios a terceros"},"content":{"rendered":"<div class=\"wpb-content-wrapper\"><div id=\"modal-ready\"><p>[vc_row][vc_column][vc_column_text]<\/p>\n<p style=\"text-align: justify;\"><span style=\"color: #000000; font-size: 12pt; font-family: georgia, palatino, serif;\">Los Servicios a Terceros adquieren sentido en la Universidad cuando de manera expl\u00edcita logran incorporar experiencias significativas para la docencia y la investigaci\u00f3n, y generan migraci\u00f3n del conocimiento hacia la comunidad.<\/span><\/p>\n<p style=\"text-align: justify;\"><span style=\"color: #000000; font-size: 12pt; font-family: georgia, palatino, serif;\">Estos servicios posibilitan la cooperaci\u00f3n de la Universidad con el medio, permitiendo la transferencia de conocimientos a prop\u00f3sito de demandas y necesidades espec\u00edficas.<\/span><\/p>\n<p style=\"text-align: justify;\"><span style=\"color: #000000; font-size: 12pt; font-family: georgia, palatino, serif;\">Como actividad acad\u00e9mica, busca encontrar la soluci\u00f3n m\u00e1s adecuada a problemas existentes, desde el punto de vista t\u00e9cnico, econ\u00f3mico y social.<\/span><\/p>\n<p><span style=\"color: #000000; font-size: 12pt; font-family: georgia, palatino, serif;\">Los Servicios a Terceros que desarrolla la Facultad de Ciencias Econ\u00f3micas, se encuadran en los siguientes t\u00f3picos:<\/span><\/p>\n<p style=\"text-align: justify;\"><span style=\"color: #000000;\"><span style=\"font-size: 12pt; font-family: georgia, palatino, serif;\"><span style=\"text-decoration: underline;\">Asistencia T\u00e9cnica:<\/span> Es la cooperaci\u00f3n que la Universidad brinda para la soluci\u00f3n de problemas puntuales y coyunturales de orden t\u00e9cnico y social. Implica, generalmente, el diagn\u00f3stico organizacional, dise\u00f1o de estructuras, uso de herramientas de gesti\u00f3n, desarrollo organizacional, puesta en marcha de nuevos <\/span><span style=\"font-size: 12pt; font-family: georgia, palatino, serif;\">modelos de gesti\u00f3n.<\/span><\/span><\/p>\n<p style=\"text-align: justify;\"><span style=\"color: #000000; font-size: 12pt; font-family: georgia, palatino, serif;\"><span style=\"text-decoration: underline;\">Gesti\u00f3n Organizacional:<\/span> Comprende todas aquellas acciones relacionadas con la innovaci\u00f3n, generaci\u00f3n, adecuaci\u00f3n, transferencia o actualizaci\u00f3n de tecnolog\u00eda de gesti\u00f3n organizacional; con la difusi\u00f3n, comercializaci\u00f3n y protecci\u00f3n de propiedad intelectual de los procesos resultantes de la actividad.<\/span><\/p>\n<p style=\"text-align: justify;\"><span style=\"color: #000000; font-size: 12pt; font-family: georgia, palatino, serif;\"><span style=\"text-decoration: underline;\">Capacitaci\u00f3n<\/span>: Se plantean y ajustan a necesidades espec\u00edficas de sensibilizaci\u00f3n, actualizaci\u00f3n o formaci\u00f3n, para mejorar competencias; se desarrollan con la profundidad y criterios definidos en conjunto con las organizaciones interesadas y las necesidades de la comunidad. Se llevan adelante a trav\u00e9s de Programas.\u00a0 Ellos ayudan a una oferta ordenada y f\u00e1cilmente adaptable a las necesidades de los interesados, a trav\u00e9s de los m\u00f3dulos y de capacitaci\u00f3n que\u00a0 incluye cada uno.<\/span><\/p>\n<p>[\/vc_column_text][vc_btn title=&#8221;REGLAMENTO de Servicio a Terceros&#8221; style=&#8221;3d&#8221; shape=&#8221;round&#8221; link=&#8221;url:http%3A%2F%2Fweb.sistemasfce.com.ar%2Fwordpress%2Fwp-content%2Fuploads%2F2019%2F04%2FREGLAMENTO.pdf|title:Reglamento%20de%20Servicios%20a%20Terceros|target:%20_blank|&#8221;][\/vc_column][\/vc_row][vc_row][vc_column][vc_column_text]<\/p>\n<h3><span style=\"color: #000000;\">Como requerir Servicios a Terceros<\/span><\/h3>\n<p><span style=\"color: #000000; font-size: 12pt; font-family: georgia, palatino, serif;\">Estimados Miembros de organizaciones de nuestra comunidad y zona de influencia de la Universidad Nacional de la Patagonia San Juan Bosco, l<\/span><span style=\"color: #000000; font-size: 12pt; font-family: georgia, palatino, serif;\">a Secretar\u00eda de Extensi\u00f3n pone a su disposici\u00f3n el siguiente Formulario Virtual para solicitar Prestaciones de \u201cServicios a Terceros\u201d<\/span>[\/vc_column_text][vc_btn title=&#8221;SOLICITUD prestaci\u00f3n Servicio a Terceros&#8221; style=&#8221;3d&#8221; shape=&#8221;round&#8221; css=&#8221;&#8221; link=&#8221;url:https%3A%2F%2Fdocs.google.com%2Fdocument%2Fd%2F1T3nRI2whVfsUD3B_CwUmpyEvbO67RBJr%2Fedit%3Fusp%3Ddrive_link%26ouid%3D109529265719497071544%26rtpof%3Dtrue%26sd%3Dtrue|title:Formulario%20Solicitud%20Servicios%20a%20Terceros|target:_blank&#8221;][\/vc_column][\/vc_row][vc_row][vc_column][vc_column_text]<\/p>\n<h3><span style=\"color: #000000;\">Prestadores de Servicios a Terceros<\/span><\/h3>\n<p><span style=\"color: #000000; font-size: 12pt; font-family: georgia, palatino, serif;\">La Secretar\u00eda de Extensi\u00f3n pone a su disposici\u00f3n en este espacio los Formularios dise\u00f1ados para cumplimentar el tr\u00e1mite de inscripci\u00f3n en los Registros de Docentes y\/o Graduados Prestadores de Servicios a Terceros.<\/span>[\/vc_column_text][vc_btn title=&#8221;Inscripci\u00f3n en el REGISTRO de DOCENTES prestadores de Servicios&#8221; style=&#8221;3d&#8221; shape=&#8221;round&#8221; link=&#8221;url:http%3A%2F%2Fweb.sistemasfce.com.ar%2Fwordpress%2Fwp-content%2Fuploads%2F2019%2F04%2FFormulario_de_inscripcion_SS_3ros_-_Docentes_FCE.docx|title:Formulario%20de%20Inscripci%C3%B3n%20en%20el%20registro%20de%20Docentes%20Prestadores%20de%20Servicios|target:%20_blank|&#8221;][\/vc_column][\/vc_row][vc_row][vc_column][vc_column_text][\/vc_column_text][vc_btn title=&#8221;Inscripci\u00f3n en el REGISTRO de GRADUADOS prestadores de Servicios&#8221; style=&#8221;3d&#8221; shape=&#8221;round&#8221; link=&#8221;url:http%3A%2F%2Fweb.sistemasfce.com.ar%2Fwordpress%2Fwp-content%2Fuploads%2F2019%2F04%2FFormulario_de_inscripcion_SS_3ros_-_Graduados_no_Docentes_FCE.docx|title:Formulario%20de%20Inscripci%C3%B3n%20en%20el%20Registro%20de%20Graduados%20NO%20Docentes%20Prestadores%20de%20Servicios%20a%20Terceros|target:%20_blank|&#8221;][\/vc_column][\/vc_row][vc_row][vc_column][vc_column_text][vc_row][vc_column width=&#8221;1\/1&#8243;][vc_column_text]<\/p>\n<h3><span style=\"color: #000000; font-size: 14pt; font-family: georgia, palatino, serif;\">Direcciones electr\u00f3nicas receptoras de Formularios<\/span><\/h3>\n<p><span style=\"color: #000000;\">Todos los formularios ser\u00e1n recibidos en \u00e9sta direcci\u00f3n de correo electr\u00f3nico:<\/span><\/p>\n<h3 class=\"iw\" style=\"padding-left: 80px;\"><span class=\"qu\" style=\"color: #333399;\" tabindex=\"-1\" role=\"gridcell\" translate=\"no\"><span class=\"go\">sterceros.fce.unpsjb@gmail.com<\/span><\/span><\/h3>\n<p>&nbsp;[\/vc_column_text][\/vc_column][\/vc_row]<\/p>\n<\/div><\/div>","protected":false},"excerpt":{"rendered":"<p>[vc_row][vc_column][vc_column_text] Los Servicios a Terceros adquieren sentido en la Universidad cuando de manera expl\u00edcita logran &hellip; <\/p>\n","protected":false},"author":6,"featured_media":0,"parent":516,"menu_order":0,"comment_status":"closed","ping_status":"closed","template":"","meta":{"pmpro_default_level":"","footnotes":""},"class_list":["post-310","page","type-page","status-publish","hentry","pmpro-has-access"],"_links":{"self":[{"href":"https:\/\/web.sistemasfce.com.ar\/wordpress\/index.php\/wp-json\/wp\/v2\/pages\/310","targetHints":{"allow":["GET"]}}],"collection":[{"href":"https:\/\/web.sistemasfce.com.ar\/wordpress\/index.php\/wp-json\/wp\/v2\/pages"}],"about":[{"href":"https:\/\/web.sistemasfce.com.ar\/wordpress\/index.php\/wp-json\/wp\/v2\/types\/page"}],"author":[{"embeddable":true,"href":"https:\/\/web.sistemasfce.com.ar\/wordpress\/index.php\/wp-json\/wp\/v2\/users\/6"}],"replies":[{"embeddable":true,"href":"https:\/\/web.sistemasfce.com.ar\/wordpress\/index.php\/wp-json\/wp\/v2\/comments?post=310"}],"version-history":[{"count":12,"href":"https:\/\/web.sistemasfce.com.ar\/wordpress\/index.php\/wp-json\/wp\/v2\/pages\/310\/revisions"}],"predecessor-version":[{"id":15317,"href":"https:\/\/web.sistemasfce.com.ar\/wordpress\/index.php\/wp-json\/wp\/v2\/pages\/310\/revisions\/15317"}],"up":[{"embeddable":true,"href":"https:\/\/web.sistemasfce.com.ar\/wordpress\/index.php\/wp-json\/wp\/v2\/pages\/516"}],"wp:attachment":[{"href":"https:\/\/web.sistemasfce.com.ar\/wordpress\/index.php\/wp-json\/wp\/v2\/media?parent=310"}],"curies":[{"name":"wp","href":"https:\/\/api.w.org\/{rel}","templated":true}]}}