{"id":15601,"date":"2025-09-24T12:20:31","date_gmt":"2025-09-24T15:20:31","guid":{"rendered":"https:\/\/web.sistemasfce.com.ar\/wordpress\/?page_id=15601"},"modified":"2025-12-11T12:14:55","modified_gmt":"2025-12-11T15:14:55","slug":"tuacon","status":"publish","type":"page","link":"https:\/\/web.sistemasfce.com.ar\/wordpress\/index.php\/tuacon\/","title":{"rendered":"Tecnicatura Universitaria Administrativa Contable"},"content":{"rendered":"<div class=\"wpb-content-wrapper\"><div id=\"modal-ready\"><p>[vc_row][vc_column][vc_custom_heading text=&#8221;Estructura Curricular &#8211; P2023&#8243; css=&#8221;&#8221;][\/vc_column][\/vc_row][vc_row][vc_column][vc_column_text css=&#8221;&#8221;]<\/p>\n<table style=\"height: 250px; border-collapse: collapse; border-color: #000000; width: 85.7875%;\">\n<tbody>\n<tr style=\"height: 24px;\">\n<td style=\"height: 24px; width: 85.4772%; background-color: #a2b8e1; border-color: #000000;\" colspan=\"7\"><span style=\"font-size: 14px;\"><strong>Primer a\u00f1o<\/strong><\/span><\/td>\n<\/tr>\n<tr style=\"height: 24px;\">\n<td style=\"height: 24px; width: 6.43153%; text-align: center;\"><strong><span style=\"font-size: 14px;\">C\u00f3digo<\/span><\/strong><\/td>\n<td style=\"width: 25.1037%; height: 24px; text-align: center;\"><strong><span style=\"font-size: 14px;\"><em>Materia<\/em><\/span><\/strong><\/td>\n<td style=\"width: 13.3818%; height: 24px; text-align: center;\"><strong><span style=\"font-size: 14px;\"><em>Per\u00edodo<\/em><\/span><\/strong><\/td>\n<td style=\"width: 9.64728%; height: 24px; text-align: center;\"><strong><span style=\"font-size: 14px;\"><em>Carga Horaria<\/em><\/span><\/strong><\/td>\n<td style=\"width: 10.1659%; height: 24px; text-align: center;\"><strong><span style=\"font-size: 14px;\"><em>Trelew<\/em><\/span><\/strong><\/td>\n<td style=\"width: 12.137%; height: 24px; text-align: center;\"><strong><span style=\"font-size: 14px;\"><em>C. Rivadavia<\/em><\/span><\/strong><\/td>\n<td style=\"width: 8.60998%; height: 24px; text-align: center;\"><strong><span style=\"font-size: 14px;\">Esq<\/span><\/strong><strong><span style=\"font-size: 14px;\"><em>uel<\/em><\/span><\/strong><\/td>\n<\/tr>\n<tr style=\"height: 24px;\">\n<td style=\"height: 10px; width: 85.4772%; text-align: left;\" colspan=\"7\"><span style=\"font-size: 14px; color: #800080;\"><em>Primer\u00a0 Cuatrimestre<\/em><\/span><\/td>\n<\/tr>\n<tr style=\"height: 24px;\">\n<td style=\"width: 6.43153%; height: 24px; text-align: center;\"><span style=\"font-size: 14px;\">111<\/span><\/td>\n<td style=\"width: 25.1037%; height: 24px; text-align: left;\"><span style=\"font-size: 14px;\">Contabilidad I<\/span><\/td>\n<td style=\"width: 13.3818%; height: 24px; text-align: center;\"><span style=\"font-size: 14px;\">Anual<\/span><\/td>\n<td style=\"width: 9.64728%; height: 24px; text-align: center;\"><span style=\"font-size: 14px;\">128<\/span><\/td>\n<td style=\"width: 10.1659%; height: 24px; text-align: center;\"><a href=\"https:\/\/drive.google.com\/file\/d\/1DDm7TVI_i18NBPyCGzqQ68A4cyba49NM\/view?usp=drive_link\">\u21d2<\/a><\/td>\n<td style=\"width: 12.137%; height: 24px; text-align: center;\"><span style=\"font-size: 14px;\"><a href=\"https:\/\/drive.google.com\/open?id=1I3BGcTRsDrzSpX1bZy5eSCDhGDHrJ7OR\" target=\"_blank\" rel=\"noopener\">Programa<\/a><\/span><\/td>\n<td style=\"width: 8.60998%; height: 24px; text-align: center;\"><a href=\"https:\/\/drive.google.com\/file\/d\/1Jtc3kBsa9Giemg464h7aNhALQQOkFBOy\/view?usp=drive_link\">\u21d2<\/a><\/td>\n<\/tr>\n<tr style=\"height: 24px;\">\n<td style=\"width: 6.43153%; height: 24px; text-align: center;\"><span style=\"font-size: 14px;\">151<\/span><\/td>\n<td style=\"width: 25.1037%; height: 24px; text-align: left;\"><span style=\"font-size: 14px;\">Matem\u00e1tica I<\/span><\/td>\n<td style=\"width: 13.3818%; height: 24px; text-align: center;\"><span style=\"font-size: 14px;\">Anual<\/span><\/td>\n<td style=\"width: 9.64728%; height: 24px; text-align: center;\"><span style=\"font-size: 14px;\">128<\/span><\/td>\n<td style=\"width: 10.1659%; height: 24px; text-align: center;\"><a href=\"https:\/\/drive.google.com\/file\/d\/1s6jViu5SG236st1OiaRLR6t6nTmpdjAH\/view?usp=drive_link\">\u21d2<\/a><\/td>\n<td style=\"width: 12.137%; height: 24px; text-align: center;\"><span style=\"font-size: 14px;\"><a href=\"https:\/\/drive.google.com\/open?id=1sFRHo84cwGWFjScYK94D51QcDTqVoqj6\" target=\"_blank\" rel=\"noopener\">Programa<\/a><\/span><\/td>\n<td style=\"width: 8.60998%; height: 24px; text-align: center;\"><a href=\"https:\/\/drive.google.com\/file\/d\/1pcRLtp7WeVH3tkq1BJIjjBGDng4ZAOt5\/view?usp=drive_link\">\u21d2<\/a><\/td>\n<\/tr>\n<tr style=\"height: 24px;\">\n<td style=\"width: 6.43153%; height: 24px; text-align: center;\"><span style=\"font-size: 14px;\">141<\/span><\/td>\n<td style=\"width: 25.1037%; height: 24px; text-align: left;\"><span style=\"font-size: 14px;\">Econom\u00eda I<\/span><\/td>\n<td style=\"width: 13.3818%; height: 24px; text-align: center;\"><span style=\"font-size: 14px;\">Cuatrimestral<\/span><\/td>\n<td style=\"width: 9.64728%; height: 24px; text-align: center;\"><span style=\"font-size: 14px;\">96<\/span><\/td>\n<td style=\"width: 10.1659%; height: 24px; text-align: center;\"><a href=\"https:\/\/drive.google.com\/file\/d\/10r4FFUgoTYaP5zqs1adMVwWn7zKehR1J\/view?usp=drive_link\">\u21d2<\/a><\/td>\n<td style=\"width: 12.137%; height: 24px; text-align: center;\"><span style=\"font-size: 14px;\"><a href=\"https:\/\/drive.google.com\/open?id=1KewBzT4lXPBDBgWHpfV6dB8BzCQQWrCw\" target=\"_blank\" rel=\"noopener\">Programa<\/a><\/span><\/td>\n<td style=\"width: 8.60998%; height: 24px; text-align: center;\"><a href=\"https:\/\/drive.google.com\/file\/d\/1cj1w_3M1Y5kuZKM47uPRuhYjc3NQqtPD\/view?usp=drive_link\">\u21d2<\/a><\/td>\n<\/tr>\n<tr style=\"height: 24px;\">\n<td style=\"width: 85.4772%; height: 24px;\" colspan=\"7\"><span style=\"font-size: 14px; color: #800080;\"><em>Segundo Cuatrimestre<\/em><\/span><\/td>\n<\/tr>\n<tr style=\"height: 24px;\">\n<td style=\"width: 6.43153%; height: 24px; text-align: center;\"><span style=\"font-size: 14px;\">121<\/span><\/td>\n<td style=\"width: 25.1037%; height: 24px; text-align: left;\"><span style=\"font-size: 14px;\">Derecho Civil<\/span><\/td>\n<td style=\"width: 13.3818%; height: 24px; text-align: center;\"><span style=\"font-size: 14px;\">Cuatrimestral<\/span><\/td>\n<td style=\"width: 9.64728%; height: 24px; text-align: center;\"><span style=\"font-size: 14px;\">96<\/span><\/td>\n<td style=\"width: 10.1659%; height: 24px; text-align: center;\"><a href=\"https:\/\/drive.google.com\/file\/d\/1pvAhisvIhxtBSaNiwGYZiaU8fAhIkLJL\/view?usp=drive_link\">\u21d2<\/a><\/td>\n<td style=\"width: 12.137%; height: 24px; text-align: center;\"><span style=\"font-size: 14px;\"><a href=\"https:\/\/drive.google.com\/open?id=1ZeSlND4TPiM_OHqhvmniYzMklit857oM\" target=\"_blank\" rel=\"noopener\">Programa<\/a><\/span><\/td>\n<td style=\"width: 8.60998%; height: 24px; text-align: center;\"><a href=\"https:\/\/drive.google.com\/file\/d\/1Isb-p1nh28hvV2Jg5lSRvrdrWoEhb0tg\/view?usp=drive_link\">\u21d2<\/a><\/td>\n<\/tr>\n<tr style=\"height: 24px;\">\n<td style=\"width: 6.43153%; height: 24px; text-align: center;\"><span style=\"font-size: 14px;\">131<\/span><\/td>\n<td style=\"width: 25.1037%; height: 24px; text-align: left;\"><span style=\"font-size: 14px;\">Procesamiento de Datos<\/span><\/td>\n<td style=\"width: 13.3818%; height: 24px; text-align: center;\"><span style=\"font-size: 14px;\">Cuatrimestral<\/span><\/td>\n<td style=\"width: 9.64728%; height: 24px; text-align: center;\"><span style=\"font-size: 14px;\">96<\/span><\/td>\n<td style=\"width: 10.1659%; height: 24px; text-align: center;\"><a href=\"https:\/\/drive.google.com\/file\/d\/1CaUOAX7yvjHhVPSbyls3Gp4RnM3xqZ6n\/view?usp=sharing\">\u21d2<\/a><\/td>\n<td style=\"width: 12.137%; height: 24px; text-align: center;\"><span style=\"font-size: 14px;\"><a href=\"https:\/\/drive.google.com\/open?id=1UiBEHlE4tHgqjqMyI8qwigtOGfpfZuzo\" target=\"_blank\" rel=\"noopener\">Programa<\/a><\/span><\/td>\n<td style=\"width: 8.60998%; height: 24px; text-align: center;\"><a href=\"https:\/\/drive.google.com\/file\/d\/1y1R5g8jNGfA8Q1nsQAL8xdD5oT4VkafZ\/view?usp=drive_link\">\u21d2<\/a><\/td>\n<\/tr>\n<tr style=\"height: 24px;\">\n<td style=\"width: 6.43153%; height: 24px; text-align: center;\"><span style=\"font-size: 14px;\">161<\/span><\/td>\n<td style=\"width: 25.1037%; height: 24px; text-align: left;\"><span style=\"font-size: 14px;\">Introducci\u00f3n a la Filosof\u00eda<\/span><\/td>\n<td style=\"width: 13.3818%; height: 24px; text-align: center;\"><span style=\"font-size: 14px;\">Cuatrimestral<\/span><\/td>\n<td style=\"width: 9.64728%; height: 24px; text-align: center;\"><span style=\"font-size: 14px;\">64<\/span><\/td>\n<td style=\"width: 10.1659%; height: 24px; text-align: center;\"><a href=\"https:\/\/drive.google.com\/file\/d\/1YRpXrsEpSmOVLsNa54VFBeej8Dl8KPB1\/view?usp=drive_link\">\u21d2<\/a><\/td>\n<td style=\"width: 12.137%; height: 24px; text-align: center;\"><span style=\"font-size: 14px;\"><a href=\"https:\/\/drive.google.com\/file\/d\/1nOYHu4Jma8RyrkXh-Qrr-uoNzCNcKsYA\/view?usp=drive_link\" target=\"_blank\" rel=\"noopener\">Programa<\/a><\/span><\/td>\n<td style=\"width: 8.60998%; height: 24px; text-align: center;\"><a href=\"https:\/\/drive.google.com\/file\/d\/1_hMwUAxsqvae93v0319N3BMkZJjb6QrJ\/view?usp=drive_link\">\u21d2<\/a><\/td>\n<\/tr>\n<tr style=\"height: 24px;\">\n<td style=\"height: 24px; width: 85.4772%; background-color: #a2b8e1; border-color: #000000; text-align: left;\" colspan=\"7\"><span style=\"font-size: 14px;\"><strong>Segundo a\u00f1o<\/strong><\/span><\/td>\n<\/tr>\n<\/tbody>\n<\/table>\n<table style=\"height: 85px; width: 85.7875%; border-collapse: collapse; border-color: #000000;\">\n<tbody>\n<tr style=\"height: 24px;\">\n<td style=\"width: 97.6048%; height: 13px;\" colspan=\"7\"><span style=\"font-size: 14px; color: #800080;\"><em>Primer\u00a0 Cuatrimestre<\/em><\/span><\/td>\n<\/tr>\n<tr style=\"height: 24px;\">\n<td style=\"width: 7.90419%; height: 24px; text-align: center;\"><span style=\"font-size: 14px;\">212<\/span><\/td>\n<td style=\"width: 27.4408%; height: 24px; text-align: left;\"><span style=\"font-size: 14px;\">Contabilidad II<\/span><\/td>\n<td style=\"width: 15.8369%; height: 24px; text-align: center;\"><span style=\"font-size: 14px;\">Anual<\/span><\/td>\n<td style=\"width: 10.938%; height: 24px; text-align: center;\"><span style=\"font-size: 14px;\">128<\/span><\/td>\n<td style=\"width: 11.9396%; height: 24px; text-align: center;\"><a href=\"https:\/\/drive.google.com\/file\/d\/1wL9SqUQH11BD0BRp4q7G5ZfZfZ9R1Vzh\/view?usp=drive_link\">\u21d2<\/a><\/td>\n<td style=\"width: 13.9393%; height: 24px; text-align: center;\"><span style=\"font-size: 14px;\"><a href=\"https:\/\/drive.google.com\/open?id=1URfKl3Dv5e4QzOor6lReDTnVndsP2Kkc\" target=\"_blank\" rel=\"noopener\">Programa<\/a><\/span><\/td>\n<td style=\"width: 9.60603%; height: 24px; text-align: center;\"><a href=\"https:\/\/drive.google.com\/file\/d\/17xHJO0yjHlPUhBjwPxq0p0D9Z1-loenc\/view?usp=drive_link\">\u21d2<\/a><\/td>\n<\/tr>\n<tr style=\"height: 24px;\">\n<td style=\"width: 7.90419%; height: 24px; text-align: center;\"><span style=\"font-size: 14px;\">232<\/span><\/td>\n<td style=\"width: 27.4408%; height: 24px; text-align: left;\"><span style=\"font-size: 14px;\">Administraci\u00f3n General<\/span><\/td>\n<td style=\"width: 15.8369%; height: 24px; text-align: center;\"><span style=\"font-size: 14px;\">Cuatrimestral<\/span><\/td>\n<td style=\"width: 10.938%; height: 24px; text-align: center;\"><span style=\"font-size: 14px;\">96<\/span><\/td>\n<td style=\"width: 11.9396%; height: 24px; text-align: center;\"><a href=\"https:\/\/drive.google.com\/file\/d\/1NQ9cpDVcbVSSrh3FHdIimYdWB5BWaCwZ\/view?usp=drive_link\">\u21d2<\/a><\/td>\n<td style=\"width: 13.9393%; height: 24px; text-align: center;\"><span style=\"font-size: 14px;\"><a href=\"https:\/\/drive.google.com\/open?id=1j6faxY12RpU2CYoxaepgyXmUbvdsluQ4\" target=\"_blank\" rel=\"noopener\">Programa<\/a><\/span><\/td>\n<td style=\"width: 9.60603%; height: 24px; text-align: center;\"><a href=\"https:\/\/drive.google.com\/file\/d\/1U5SPDKT0oiaBOei8sXjHl-f9ob0JE6fi\/view?usp=drive_link\">\u21d2<\/a><\/td>\n<\/tr>\n<tr style=\"height: 24px;\">\n<td style=\"width: 7.90419%; height: 24px; text-align: center;\"><span style=\"font-size: 14px;\">242<\/span><\/td>\n<td style=\"width: 27.4408%; height: 24px; text-align: left;\"><span style=\"font-size: 14px;\">Econom\u00eda II<\/span><\/td>\n<td style=\"width: 15.8369%; height: 24px; text-align: center;\"><span style=\"font-size: 14px;\">Cuatrimestral<\/span><\/td>\n<td style=\"width: 10.938%; height: 24px; text-align: center;\"><span style=\"font-size: 14px;\">96<\/span><\/td>\n<td style=\"width: 11.9396%; height: 24px; text-align: center;\"><a href=\"https:\/\/drive.google.com\/file\/d\/1EPZvsF0eocnxSMpCC1wuBOh2Wb8CVCMn\/view?usp=drive_link\">\u21d2<\/a><\/td>\n<td style=\"width: 13.9393%; height: 24px; text-align: center;\"><span style=\"font-size: 14px;\"><a href=\"https:\/\/drive.google.com\/open?id=1OzpNPo0zPBJqVUGsIaGnZdmFY0IpU7YX\">Programa<\/a><\/span><\/td>\n<td style=\"width: 9.60603%; height: 24px; text-align: center;\"><a href=\"https:\/\/drive.google.com\/file\/d\/16wj7rAJvBYM0PUgTtLbAchp5ljPuDmFj\/view?usp=drive_link\">\u21d2<\/a><\/td>\n<\/tr>\n<\/tbody>\n<\/table>\n<table style=\"height: 82px; width: 85.7875%; border-collapse: collapse; border-color: #000000;\">\n<tbody>\n<tr style=\"height: 24px;\">\n<td style=\"width: 97.6048%; height: 10px;\" colspan=\"7\"><span style=\"font-size: 14px; color: #800080;\"><em>Segundo Cuatrimestre<\/em><\/span><\/td>\n<\/tr>\n<tr style=\"height: 24px;\">\n<td style=\"width: 7.90419%; height: 24px; text-align: center;\"><span style=\"font-size: 14px;\">222<\/span><\/td>\n<td style=\"width: 26.8783%; height: 24px; text-align: left;\"><span style=\"font-size: 14px;\">Derecho Comercial I<\/span><\/td>\n<td style=\"width: 15.9495%; height: 24px; text-align: center;\"><span style=\"font-size: 14px;\">Cuatrimestral<\/span><\/td>\n<td style=\"width: 11.2754%; height: 24px; text-align: center;\"><span style=\"font-size: 14px;\">96<\/span><\/td>\n<td style=\"width: 11.7147%; height: 24px; text-align: center;\"><a href=\"https:\/\/drive.google.com\/file\/d\/1GmIlwuimDLc7XQHtUzZGVB8t6acHX7fa\/view?usp=drive_link\">\u21d2<\/a><\/td>\n<td style=\"width: 14.0517%; height: 24px; text-align: center;\"><span style=\"font-size: 14px;\"><a href=\"https:\/\/drive.google.com\/open?id=1WB9WtKbnhsJD6cOwsF-aPQdS4UK_DjWA\">Programa<\/a><\/span><\/td>\n<td style=\"width: 9.831%; height: 24px; text-align: center;\"><a href=\"https:\/\/drive.google.com\/file\/d\/1wYdgEgPho9EiPE-sdmUr9BwONE_UjZrt\/view?usp=drive_link\">\u21d2<\/a><\/td>\n<\/tr>\n<tr style=\"height: 24px;\">\n<td style=\"width: 7.90419%; height: 24px; text-align: center;\"><span style=\"font-size: 14px;\">252<\/span><\/td>\n<td style=\"width: 26.8783%; height: 24px; text-align: left;\"><span style=\"font-size: 14px;\">Matem\u00e1tica II<\/span><\/td>\n<td style=\"width: 15.9495%; height: 24px; text-align: center;\"><span style=\"font-size: 14px;\">Cuatrimestral<\/span><\/td>\n<td style=\"width: 11.2754%; height: 24px; text-align: center;\"><span style=\"font-size: 14px;\">128<\/span><\/td>\n<td style=\"width: 11.7147%; height: 24px; text-align: center;\"><a href=\"https:\/\/drive.google.com\/file\/d\/12imxWwJGaMPjfDp6XC7FmGk6QPAbqvJh\/view?usp=drive_link\">\u21d2<\/a><\/td>\n<td style=\"width: 14.0517%; height: 24px; text-align: center;\"><span style=\"font-size: 14px;\"><a href=\"https:\/\/drive.google.com\/open?id=1lf60vSvmhlWBPdYUFB8v7AzVuv3D0G4A\">Programa<\/a><\/span><\/td>\n<td style=\"width: 9.831%; height: 24px; text-align: center;\"><a href=\"https:\/\/drive.google.com\/file\/d\/1dNxwZ7bGI5cj8aJWu3HdjdnAOykREYSa\/view?usp=drive_link\">\u21d2<\/a><\/td>\n<\/tr>\n<tr style=\"height: 24px;\">\n<td style=\"width: 7.90419%; height: 24px; text-align: center;\"><span style=\"font-size: 14px;\">262<\/span><\/td>\n<td style=\"width: 26.8783%; height: 24px; text-align: left;\"><span style=\"font-size: 14px;\">L\u00f3gica y metodolog\u00eda de las Ciencias<\/span><\/td>\n<td style=\"width: 15.9495%; height: 24px; text-align: center;\"><span style=\"font-size: 14px;\">Cuatrimestral<\/span><\/td>\n<td style=\"width: 11.2754%; height: 24px; text-align: center;\"><span style=\"font-size: 14px;\">64<\/span><\/td>\n<td style=\"width: 11.7147%; height: 24px; text-align: center;\"><a href=\"https:\/\/drive.google.com\/file\/d\/13kO9s3F6MVeHgujubfC2lwILD_P-ZE4D\/view?usp=drive_link\">\u21d2<\/a><\/td>\n<td style=\"width: 14.0517%; height: 24px; text-align: center;\"><span style=\"font-size: 14px;\"><a href=\"https:\/\/drive.google.com\/open?id=1PuIw26A-t8ItbcHc_3hzWbL4-pnPqnOj\">Programa<\/a><\/span><\/td>\n<td style=\"width: 9.831%; height: 24px; text-align: center;\"><a href=\"https:\/\/drive.google.com\/file\/d\/1oQEO0dWkTt9lYplZqDyOuv7ylmKF7ZUy\/view?usp=drive_link\">\u21d2<\/a><\/td>\n<\/tr>\n<\/tbody>\n<\/table>\n<table style=\"height: 10px; border-collapse: collapse; border-color: #000000; width: 85.7875%;\">\n<tbody>\n<tr style=\"height: 24px;\">\n<td style=\"height: 10px; width: 85.4772%; background-color: #a2b8e1; border-color: #000000; text-align: left;\" colspan=\"7\"><span style=\"font-size: 14px;\"><strong>Tercer a\u00f1o<\/strong><\/span><\/td>\n<\/tr>\n<\/tbody>\n<\/table>\n<table style=\"height: 133px; width: 85.7875%; border-collapse: collapse; border-color: #000000;\">\n<tbody>\n<tr style=\"height: 24px;\">\n<td style=\"width: 97.6048%; height: 13px;\" colspan=\"7\"><span style=\"font-size: 14px; color: #800080;\"><em>Primer\u00a0 Cuatrimestre<\/em><\/span><\/td>\n<\/tr>\n<tr style=\"height: 24px;\">\n<td style=\"width: 7.90419%; height: 24px; text-align: center;\"><span style=\"font-size: 14px;\">333<\/span><\/td>\n<td style=\"width: 27.4408%; height: 24px; text-align: left;\"><span style=\"font-size: 14px;\">An\u00e1lisis de Sistemas I<\/span><\/td>\n<td style=\"width: 15.8369%; height: 24px; text-align: center;\"><span style=\"font-size: 14px;\">Cuatrimestral<\/span><\/td>\n<td style=\"width: 10.938%; height: 24px; text-align: center;\"><span style=\"font-size: 14px;\">96<\/span><\/td>\n<td style=\"width: 11.9396%; height: 24px; text-align: center;\"><a href=\"https:\/\/drive.google.com\/file\/d\/1oghHCMXtkrjNCu73X18px8bYrRPYPhJo\/view?usp=drive_link\">\u21d2<\/a><\/td>\n<td style=\"width: 13.9393%; height: 24px; text-align: center;\"><a href=\"https:\/\/drive.google.com\/file\/d\/17PI47QzJ7MHJ1BPNaj_mGlnrOTgYyWXR\/view?usp=drive_link\">\u21d2<\/a><\/td>\n<td style=\"width: 9.60603%; height: 24px; text-align: center;\"><a href=\"https:\/\/drive.google.com\/file\/d\/1QrN5iLLVGsShHuFcmpwEHD5RyAt8h5eg\/view?usp=drive_link\">\u21d2<\/a><\/td>\n<\/tr>\n<tr style=\"height: 24px;\">\n<td style=\"width: 7.90419%; height: 24px; text-align: center;\"><span style=\"font-size: 14px;\">343<\/span><\/td>\n<td style=\"width: 27.4408%; height: 24px; text-align: left;\"><span style=\"font-size: 14px;\">Finanzas P\u00fablicas<\/span><\/td>\n<td style=\"width: 15.8369%; height: 24px; text-align: center;\"><span style=\"font-size: 14px;\">Cuatrimestral<\/span><\/td>\n<td style=\"width: 10.938%; height: 24px; text-align: center;\"><span style=\"font-size: 14px;\">96<\/span><\/td>\n<td style=\"width: 11.9396%; height: 24px; text-align: center;\"><a href=\"https:\/\/drive.google.com\/file\/d\/1XnFw_hgNfdSFwQnEowLt5IQUW8GF9_1a\/view?usp=drive_link\">\u21d2<\/a><\/td>\n<td style=\"width: 13.9393%; height: 24px; text-align: center;\"><a href=\"https:\/\/drive.google.com\/file\/d\/1cryXBbGSaT3Xp53Py__g2efzczYh6U9o\/view?usp=drive_link\">\u21d2<\/a><\/td>\n<td style=\"width: 9.60603%; height: 24px; text-align: center;\"><a href=\"https:\/\/drive.google.com\/file\/d\/1_B-hOfbR7agedAYoB4kxb4PflXZqdkxs\/view?usp=drive_link\">\u21d2<\/a><\/td>\n<\/tr>\n<tr style=\"height: 24px;\">\n<td style=\"width: 7.90419%; height: 24px; text-align: center;\"><span style=\"font-size: 14px;\">325<\/span><\/td>\n<td style=\"width: 27.4408%; height: 24px; text-align: left;\"><span style=\"font-size: 14px;\">Derecho del Trabajo y Seguridad Social<\/span><\/td>\n<td style=\"width: 15.8369%; height: 24px; text-align: center;\"><span style=\"font-size: 14px;\">Cuatrimestral<\/span><\/td>\n<td style=\"width: 10.938%; height: 24px; text-align: center;\"><span style=\"font-size: 14px;\">96<\/span><\/td>\n<td style=\"width: 11.9396%; height: 24px; text-align: center;\"><a href=\"https:\/\/drive.google.com\/file\/d\/1FmsElhl0Rsq619-DV7jqzDm7gVP1U0P8\/view\">\u21d2<\/a><\/td>\n<td style=\"width: 13.9393%; height: 24px; text-align: center;\"><a href=\"https:\/\/drive.google.com\/file\/d\/1u-K2EEb9rw1pvy9xqKPIwhaDH92ugBON\/view?usp=drive_link\">\u21d2<\/a><\/td>\n<td style=\"width: 9.60603%; height: 24px; text-align: center;\"><a href=\"https:\/\/drive.google.com\/file\/d\/1AdmQ32s8kKwIfFlSVBjawkmWFkffls2Q\/view?usp=drive_link\">\u21d2<\/a><\/td>\n<\/tr>\n<tr style=\"height: 24px;\">\n<td style=\"width: 7.90419%; text-align: center; height: 24px;\"><span style=\"font-size: 14px;\">3000<\/span><\/td>\n<td style=\"width: 27.4408%; text-align: left; height: 24px;\"><span style=\"font-size: 14px;\">Asignatura Electiva TUACON<\/span><\/td>\n<td style=\"width: 15.8369%; text-align: center; height: 24px;\"><span style=\"font-size: 14px;\">Anual<\/span><\/td>\n<td style=\"width: 10.938%; text-align: center; height: 24px;\"><span style=\"font-size: 14px;\">128<\/span><\/td>\n<td style=\"width: 11.9396%; text-align: center; height: 24px;\"><\/td>\n<td style=\"width: 13.9393%; text-align: center; height: 24px;\"><\/td>\n<td style=\"width: 9.60603%; text-align: center; height: 24px;\"><\/td>\n<\/tr>\n<tr style=\"height: 24px;\">\n<td style=\"width: 7.90419%; text-align: center; height: 24px;\"><span style=\"font-size: 14px;\">3005<\/span><\/td>\n<td style=\"width: 27.4408%; text-align: left; height: 24px;\"><span style=\"font-size: 14px;\">Seminario de Aplicaci\u00f3n<\/span><\/td>\n<td style=\"width: 15.8369%; text-align: center; height: 24px;\"><span style=\"font-size: 14px;\">Cuatrimestral<\/span><\/td>\n<td style=\"width: 10.938%; text-align: center; height: 24px;\"><span style=\"font-size: 14px;\">64<\/span><\/td>\n<td style=\"width: 11.9396%; text-align: center; height: 24px;\"><\/td>\n<td style=\"width: 13.9393%; text-align: center; height: 24px;\"><span style=\"font-size: 14px;\">\u00a0<\/span><\/td>\n<td style=\"width: 9.60603%; text-align: center; height: 24px;\"><\/td>\n<\/tr>\n<\/tbody>\n<\/table>\n<p>&nbsp;<\/p>\n<table style=\"height: 82px; width: 42.1701%; border-collapse: collapse; border-color: #000000;\">\n<tbody>\n<tr style=\"height: 24px;\">\n<td style=\"width: 12.3377%; height: 10px;\" colspan=\"2\"><span style=\"font-size: 14px; color: #800080;\"><em>Asignaturas Electivas TUACON<\/em><\/span><\/td>\n<\/tr>\n<tr>\n<td style=\"width: 10.0493%; height: 24px; text-align: center;\"><strong><span style=\"font-size: 14px;\"><em>Materia<\/em><\/span><\/strong><\/td>\n<td style=\"width: 2.28833%; height: 24px; text-align: center;\"><strong><span style=\"font-size: 14px;\"><em>Carga Horaria<\/em><\/span><\/strong><\/td>\n<\/tr>\n<tr style=\"height: 24px;\">\n<td style=\"width: 10.0493%; height: 24px; text-align: left;\"><span style=\"font-size: 14px;\">Contabilidad III<\/span><\/td>\n<td style=\"width: 2.28833%; height: 24px; text-align: center;\"><span style=\"font-size: 14px;\">128<\/span><\/td>\n<\/tr>\n<tr style=\"height: 24px;\">\n<td style=\"width: 10.0493%; height: 24px; text-align: left;\"><span style=\"font-size: 14px;\">Contabilidad de Costos<\/span><\/td>\n<td style=\"width: 2.28833%; height: 24px; text-align: center;\"><span style=\"font-size: 14px;\">128<\/span><\/td>\n<\/tr>\n<tr style=\"height: 24px;\">\n<td style=\"width: 10.0493%; height: 24px; text-align: left;\"><span style=\"font-size: 14px;\">Administraci\u00f3n Espec\u00edfica<\/span><\/td>\n<td style=\"width: 2.28833%; height: 24px; text-align: center;\"><span style=\"font-size: 14px;\">128<\/span><\/td>\n<\/tr>\n<tr>\n<td style=\"width: 10.0493%; text-align: left;\"><span style=\"font-size: 14px;\">Matem\u00e1tica Financiera TUACON<\/span><\/td>\n<td style=\"width: 2.28833%; text-align: center;\"><span style=\"font-size: 14px;\">128<\/span><\/td>\n<\/tr>\n<\/tbody>\n<\/table>\n<p>[\/vc_column_text][\/vc_column][\/vc_row][vc_row][vc_column][\/vc_column][\/vc_row]<\/p>\n<\/div><\/div>","protected":false},"excerpt":{"rendered":"<p>[vc_row][vc_column][vc_custom_heading text=&#8221;Estructura Curricular &#8211; P2023&#8243; css=&#8221;&#8221;][\/vc_column][\/vc_row][vc_row][vc_column][vc_column_text css=&#8221;&#8221;] Primer a\u00f1o C\u00f3digo Materia Per\u00edodo Carga Horaria Trelew &hellip; <\/p>\n","protected":false},"author":6,"featured_media":0,"parent":0,"menu_order":0,"comment_status":"closed","ping_status":"closed","template":"","meta":{"pmpro_default_level":"","footnotes":""},"class_list":["post-15601","page","type-page","status-publish","hentry","pmpro-has-access"],"_links":{"self":[{"href":"https:\/\/web.sistemasfce.com.ar\/wordpress\/index.php\/wp-json\/wp\/v2\/pages\/15601","targetHints":{"allow":["GET"]}}],"collection":[{"href":"https:\/\/web.sistemasfce.com.ar\/wordpress\/index.php\/wp-json\/wp\/v2\/pages"}],"about":[{"href":"https:\/\/web.sistemasfce.com.ar\/wordpress\/index.php\/wp-json\/wp\/v2\/types\/page"}],"author":[{"embeddable":true,"href":"https:\/\/web.sistemasfce.com.ar\/wordpress\/index.php\/wp-json\/wp\/v2\/users\/6"}],"replies":[{"embeddable":true,"href":"https:\/\/web.sistemasfce.com.ar\/wordpress\/index.php\/wp-json\/wp\/v2\/comments?post=15601"}],"version-history":[{"count":9,"href":"https:\/\/web.sistemasfce.com.ar\/wordpress\/index.php\/wp-json\/wp\/v2\/pages\/15601\/revisions"}],"predecessor-version":[{"id":15959,"href":"https:\/\/web.sistemasfce.com.ar\/wordpress\/index.php\/wp-json\/wp\/v2\/pages\/15601\/revisions\/15959"}],"wp:attachment":[{"href":"https:\/\/web.sistemasfce.com.ar\/wordpress\/index.php\/wp-json\/wp\/v2\/media?parent=15601"}],"curies":[{"name":"wp","href":"https:\/\/api.w.org\/{rel}","templated":true}]}}