{"id":15571,"date":"2025-09-18T11:52:46","date_gmt":"2025-09-18T14:52:46","guid":{"rendered":"https:\/\/web.sistemasfce.com.ar\/wordpress\/?page_id=15571"},"modified":"2025-10-31T16:35:39","modified_gmt":"2025-10-31T19:35:39","slug":"licenciatura-en-administracion-de-empresas-turisticas","status":"publish","type":"page","link":"https:\/\/web.sistemasfce.com.ar\/wordpress\/index.php\/licenciatura-en-administracion-de-empresas-turisticas\/","title":{"rendered":"Licenciatura en Administraci\u00f3n de Empresas Tur\u00edsticas"},"content":{"rendered":"<div class=\"wpb-content-wrapper\"><div id=\"modal-ready\"><p>[vc_row][vc_column width=&#8221;1\/6&#8243; css=&#8221;.vc_custom_1758303300831{background-color: #F5F1F1 !important;}&#8221;][vc_column_text css=&#8221;&#8221;]<a href=\"https:\/\/web.sistemasfce.com.ar\/wordpress\/index.php\/alumnos-2\/carreras\/carrera_licadmemptur_esq\/estructuralaet\/\" target=\"_blank\" rel=\"noopener\">Lic. en Admin. de Empresas Tur\u00edsticas<\/a>[\/vc_column_text][\/vc_column][vc_column width=&#8221;3\/4&#8243;][vc_column_text css=&#8221;&#8221;]<span style=\"color: #000000;\"><strong>Perfil del egresado:<\/strong><\/span><\/p>\n<p><span style=\"color: #000000;\">El profesional formado a partir de esta propuesta tiene los conocimientos, habilidades, actitudes y procedimientos que se detallan:<\/span><\/p>\n<ul>\n<li><span style=\"color: #000000;\"><em>Contenidos conceptuales:<\/em><\/span>\n<ul>\n<li><span style=\"color: #000000;\">Los aportes te\u00f3ricos-conceptuales m\u00e1s significativos de las Ciencias Econ\u00f3micas y Sociales para la comprensi\u00f3n de la problem\u00e1tica vinculada al turismo como fuente de desarrollo econ\u00f3mico.<\/span><\/li>\n<li><span style=\"color: #000000;\">Los aportes te\u00f3ricos y t\u00e9cnicos-metodol\u00f3gicos para el an\u00e1lisis de la relaci\u00f3n del Turismo como una actividad econ\u00f3mica y para la elaboraci\u00f3n de medidas tendientes a incrementar el potencial tur\u00edstico como recurso econ\u00f3mico.<\/span><\/li>\n<li><span style=\"color: #000000;\">La legislaci\u00f3n tur\u00edstica vigente, en su articulaci\u00f3n con las pol\u00edticas sociales adminsitrativo-contables.<\/span><\/li>\n<li><span style=\"color: #000000;\">Conocimientos b\u00e1sicos en cuanto a administraci\u00f3n y pol\u00edticas tur\u00edsticas aplicables en el desarrollo de un sistena de gesti\u00f3n de empresas tur\u00edsticas.<\/span><\/li>\n<\/ul>\n<\/li>\n<\/ul>\n<p>&nbsp;<\/p>\n<ul>\n<li><span style=\"color: #000000;\"><em>Contenidos actitudinales: <\/em><\/span>\n<ul>\n<li><span style=\"color: #000000;\">Capacidad de integrar los conocimientos, aptitudes, valores, actitudes y acciones para convertir cada oportunidad en experiencias educativaspara sociedades sustentables.<\/span><\/li>\n<li><span style=\"color: #000000;\">Desarrollo de una conciencia \u00e9tica sobre todas las formas de administrar empresas de servicios tur\u00edsticos, procurando una exploraci\u00f3n y explotaci\u00f3n arm\u00f3nica de los mismos.<\/span><\/li>\n<li><span style=\"color: #000000;\">Actitudes de solidaridad, igualdad, y respeto a los derechos hunanos, valiendose de estrategias democr\u00e1ticas e interacci\u00f3n entre las culturas. <\/span><\/li>\n<li><span style=\"color: #000000;\">Cooperaci\u00f3n mutua y equitativa en los procesos de decisi\u00f3n en todos los niveles y etapas.<\/span><\/li>\n<\/ul>\n<\/li>\n<\/ul>\n<p>&nbsp;<\/p>\n<ul>\n<li><span style=\"color: #000000;\"><em>Contenidos procedimentales:<\/em><\/span>\n<ul>\n<li><span style=\"color: #000000;\">T\u00e9cnicas de resoluci\u00f3n de conflictos, din\u00e1mica grupal y manejo de grupos, mediaci\u00f3n, din\u00e1mica de audiencias p\u00fablicas. <\/span><\/li>\n<li><span style=\"color: #000000;\">T\u00e9cnicas de elaboraci\u00f3n de listas de chequeo tur\u00edsticos, evaluaci\u00f3n econ\u00f3mica de impacto tur\u00edstico, aplicaci\u00f3n de normativas de calidad, gesti\u00f3n organizacional, y empresarial, auditorias tur\u00edsticas.<\/span><\/li>\n<\/ul>\n<\/li>\n<\/ul>\n<p><span style=\"color: #000000;\"><strong>Alcances Profesionales<\/strong><\/span><\/p>\n<p><span style=\"color: #000000;\">El t\u00edtulo &#8220;Licenciado\/a en Administraci\u00f3n de Empresas Tur\u00edsticas&#8221; habilitar\u00e1 al futuro\/a egresado\/a para:<\/span><\/p>\n<ul>\n<li><span style=\"color: #000000;\">Organizar, coordinar y administrar empresas de servicios tur\u00edsticos.<\/span><\/li>\n<li><span style=\"color: #000000;\">Asesorar en la organizaci\u00f3n, evaluaci\u00f3n e implementaci\u00f3n de empresas tur\u00edsticas. <\/span><\/li>\n<li><span style=\"color: #000000;\">Elaborar, implementar y evaluar planes y programas de inversi\u00f3n tanto micro como macroecon\u00f3micos.<\/span><\/li>\n<li><span style=\"color: #000000;\">Realizar estudios y proyecciones relacionados con los recursos tur\u00edsticos como recurso econ\u00f3mico.<\/span><\/li>\n<li><span style=\"color: #000000;\">Asesorar en la elaboraci\u00f3n de estrategias micro y macroecon\u00f3micas de crecimiento. <\/span><\/li>\n<li><span style=\"color: #000000;\">Coordinar y\/o participar en equipos multidisciplinarios para Ilevar a cabo investigaciones y ev\u00e1luaciones econ\u00f3micas de desarrollo tur\u00edstico.<\/span><\/li>\n<li><span style=\"color: #000000;\">Participar e intervenir desde la gesti\u00f3n en grupos interdisciplinarios de empresas tur\u00edsticas. <\/span><\/li>\n<li><span style=\"color: #000000;\">Organizar y\/o realizar el seguimiento econ\u00f3mico-administrativo de sistemas de gesti\u00f3n tur\u00edstica, aplicables en el \u00e1mbito privado o p\u00fablico.<\/span><\/li>\n<\/ul>\n<p>[\/vc_column_text][vc_column_text css=&#8221;&#8221;]<\/p>\n<p style=\"text-align: justify;\"><span style=\"color: #000000;\"><strong>Perfil Profesional del Licenciado\/a en Administraci\u00f3n de Empresas Tur\u00edsticas &#8211; Plan 2025<\/strong><\/span><\/p>\n<ul style=\"text-align: justify;\">\n<li style=\"list-style-type: none;\"><\/li>\n<\/ul>\n<p style=\"text-align: justify;\"><span style=\"color: #000000;\">El profesional con t\u00edtulo de Licenciado en Administraci\u00f3n de Empresas Tur\u00edsticas est\u00e1 preparado para desempe\u00f1arse en las principales \u00e1reas que componen la industria del turismo. Esto implica la capacidad de participar en la planificaci\u00f3n tur\u00edstica, ya sea desde el \u00e1mbito p\u00fablico o privado, contribuyendo al desarrollo tur\u00edstico mediante la formulaci\u00f3n y ejecuci\u00f3n de pol\u00edticas y proyectos tur\u00edsticos, la creaci\u00f3n de estrategias de marketing que promueva el desarrollo tur\u00edstico de la regi\u00f3n. Adem\u00e1s, est\u00e1 capacitado para gestionar y dirigir empresas tur\u00edsticas en todas sus formas, incluyendo la prestaci\u00f3n de servicios, la promoci\u00f3n, la comercializaci\u00f3n y la gesti\u00f3n de recursos humanos.<\/span><\/p>\n<p style=\"text-align: justify;\"><span style=\"color: #000000;\">El ejercicio profesional del Licenciado en Administraci\u00f3n de Empresas Tur\u00edsticas est\u00e1 guiado por la b\u00fasqueda consciente de la mejora permanente en todos sus \u00e1mbitos de actuaci\u00f3n en un marco \u00e9tico, legal, de compromiso social y ambiental.<\/span><\/p>\n<p style=\"text-align: justify;\"><span style=\"color: #000000;\">El Licenciado en Administraci\u00f3n de Empresas Tur\u00edsticas debe contar con una actitud proactiva hacia la utilizaci\u00f3n de las tecnolog\u00edas de la comunicaci\u00f3n, informaci\u00f3n, an\u00e1lisis y modelizaci\u00f3n para su ejercicio profesional.<\/span><\/p>\n<p style=\"text-align: justify;\"><span style=\"color: #000000;\"><strong>Alcances del t\u00edtulo de Licenciado\/a en Administraci\u00f3n de Empresas Tur\u00edsticas<\/strong><\/span><\/p>\n<p style=\"text-align: justify;\"><span style=\"color: #000000;\">La titulaci\u00f3n de Licenciado\/a en Administraci\u00f3n de Empresas Tur\u00edsticas, habilitar\u00e1 al futuro egresado para:<\/span><\/p>\n<ul style=\"text-align: justify;\">\n<li><span style=\"color: #000000;\">Organizar, coordinar y administrar empresas de servicios tur\u00edsticos.<\/span><\/li>\n<li><span style=\"color: #000000;\">Asesorar en la organizaci\u00f3n, evaluaci\u00f3n e implementaci\u00f3n de empresas tur\u00edsticas.<\/span><\/li>\n<li><span style=\"color: #000000;\">Elaborar, implementar y evaluar planes y programas de inversi\u00f3n vinculados con el desarrollo tur\u00edstico tanto micro como macroecon\u00f3micos.<\/span><\/li>\n<li><span style=\"color: #000000;\">Realizar estudios y proyecciones relacionados con los recursos tur\u00edsticos como recurso econ\u00f3mico.<\/span><\/li>\n<li><span style=\"color: #000000;\">Asesorar en la elaboraci\u00f3n de estrategias micro y macroecon\u00f3micas de crecimiento.<\/span><\/li>\n<li><span style=\"color: #000000;\">Coordinar y\/o participar en equipos multidisciplinarios para llevar a cabo investigaciones y evaluaciones econ\u00f3micas de desarrollo tur\u00edstico.<\/span><\/li>\n<li><span style=\"color: #000000;\">Participar e intervenir desde la gesti\u00f3n en grupos interdisciplinarios de empresas tur\u00edsticas.<\/span><\/li>\n<li><span style=\"color: #000000;\">Organizar y\/o realizar el seguimiento econ\u00f3mico-administrativo de sistemas de gesti\u00f3n tur\u00edsticas, aplicables en el \u00e1mbito privado o p\u00fablico.<\/span><\/li>\n<\/ul>\n<p style=\"text-align: justify;\"><span style=\"color: #000000;\"><strong>Requisitos de Ingreso<\/strong><\/span><\/p>\n<p style=\"text-align: justify;\"><span style=\"color: #000000;\">Ser\u00e1n destinatarios todos aquellos aspirantes que:<\/span><\/p>\n<ul style=\"text-align: justify;\">\n<li><span style=\"color: #000000;\">Posean t\u00edtulo de t\u00e9cnico en el \u00e1rea de la administraci\u00f3n, turismo, hoteler\u00eda o econom\u00eda, otorgada por Universidad Nacional o Instituci\u00f3n de ense\u00f1anza de Nivel Superior reconocida por el Ministerio de Educaci\u00f3n de la Naci\u00f3n y cuyos planes de estudios acrediten una duraci\u00f3n m\u00ednima de dos a\u00f1os y una carga horaria m\u00ednima de 1.400 horas reloj.\u00a0Este requisito incluye:<\/span><\/li>\n<\/ul>\n<ul>\n<li style=\"list-style-type: none; text-align: justify;\">\n<ul style=\"list-style-type: square;\">\n<li><span style=\"color: #000000;\">Carreras de pregrado de la FCE-UNPSJB: T\u00e9cnico Universitario Contable, T\u00e9cnico Universitario en Administraci\u00f3n P\u00fablica, T\u00e9cnico Universitario en Administraci\u00f3n Bancaria, T\u00e9cnico Universitario en Administraci\u00f3n de Cooperativas, T\u00e9cnico Universitario en\u00a0 Administraci\u00f3n Ambiental, T\u00e9cnico Universitario Administrativo Contable y todas aquellas cuyos contenidos sean en las \u00e1reas de conocimiento precitadas, con una duraci\u00f3n m\u00ednima de dos a\u00f1os.<\/span><\/li>\n<li><span style=\"color: #000000;\">\u00a0Carreras de t\u00e9cnicos egresados de la Tecnicatura Superior en Turismo del Ministerio de Educaci\u00f3n de la Provincia del Chubut de los ISFD Nro. 802 &#8211; Comodoro Rivadavia, ISFD Nro. 803 &#8211; Puerto Madryn, ISDF Nro 813 &#8211; Anexo Cholila, IES Nro. 816 \u2013 Rawson, ISET Nro. 815 \u2013 Esquel y Anexo Rio Pico.<\/span><\/li>\n<\/ul>\n<\/li>\n<li style=\"text-align: justify;\"><span style=\"color: #000000;\">Se crear\u00e1 una \u201cComisi\u00f3n Acad\u00e9mica de Ingreso\u201d conformada por el Director de la carrera Licenciatura en Administraci\u00f3n en Empresas Tur\u00edsticas, el Delegado Acad\u00e9mico de Esquel de la FCE, el Director del Programa de Educaci\u00f3n sin Distancias de la FCE UNPSJB y el Secretario Acad\u00e9mico de la FCE, que ser\u00e1 responsable de la evaluaci\u00f3n sobre la pertinencia de los t\u00edtulos y dise\u00f1o curricular de los t\u00edtulos excluidos en la enunciaci\u00f3n precedente, si se presentaran. Esta comisi\u00f3n <\/span><span style=\"color: #000000;\">actuar\u00e1 en el \u00e1mbito de la Secretar\u00eda Acad\u00e9mica de la FCE UNPSJB, y en caso de controversia, decidir\u00e1 el Decano FCE UNPSJB.<\/span><\/li>\n<\/ul>\n<p>[\/vc_column_text][vc_column_text css=&#8221;&#8221;]<span style=\"color: #000000;\"><strong>T\u00edtulo:\u00a0 Licenciado\/a en Administraci\u00f3n de Empresas Tur\u00edsticas<\/strong><\/span><\/p>\n<p><span style=\"color: #000000;\"><strong>Duraci\u00f3n de la carrera:<\/strong> 5 a\u00f1os<\/span><\/p>\n<p><span style=\"color: #000000;\"><strong>Metodolog\u00eda de cursado:<\/strong> Presencial<\/span>[\/vc_column_text][\/vc_column][\/vc_row][vc_row][vc_column][\/vc_column][\/vc_row]<\/p>\n<\/div><\/div>","protected":false},"excerpt":{"rendered":"<p>[vc_row][vc_column width=&#8221;1\/6&#8243; css=&#8221;.vc_custom_1758303300831{background-color: #F5F1F1 !important;}&#8221;][vc_column_text css=&#8221;&#8221;]Lic. en Admin. de Empresas Tur\u00edsticas[\/vc_column_text][\/vc_column][vc_column width=&#8221;3\/4&#8243;][vc_column_text css=&#8221;&#8221;]Perfil del egresado: &hellip; <\/p>\n","protected":false},"author":6,"featured_media":0,"parent":0,"menu_order":0,"comment_status":"closed","ping_status":"closed","template":"","meta":{"pmpro_default_level":"","footnotes":""},"class_list":["post-15571","page","type-page","status-publish","hentry","pmpro-has-access"],"_links":{"self":[{"href":"https:\/\/web.sistemasfce.com.ar\/wordpress\/index.php\/wp-json\/wp\/v2\/pages\/15571","targetHints":{"allow":["GET"]}}],"collection":[{"href":"https:\/\/web.sistemasfce.com.ar\/wordpress\/index.php\/wp-json\/wp\/v2\/pages"}],"about":[{"href":"https:\/\/web.sistemasfce.com.ar\/wordpress\/index.php\/wp-json\/wp\/v2\/types\/page"}],"author":[{"embeddable":true,"href":"https:\/\/web.sistemasfce.com.ar\/wordpress\/index.php\/wp-json\/wp\/v2\/users\/6"}],"replies":[{"embeddable":true,"href":"https:\/\/web.sistemasfce.com.ar\/wordpress\/index.php\/wp-json\/wp\/v2\/comments?post=15571"}],"version-history":[{"count":11,"href":"https:\/\/web.sistemasfce.com.ar\/wordpress\/index.php\/wp-json\/wp\/v2\/pages\/15571\/revisions"}],"predecessor-version":[{"id":15814,"href":"https:\/\/web.sistemasfce.com.ar\/wordpress\/index.php\/wp-json\/wp\/v2\/pages\/15571\/revisions\/15814"}],"wp:attachment":[{"href":"https:\/\/web.sistemasfce.com.ar\/wordpress\/index.php\/wp-json\/wp\/v2\/media?parent=15571"}],"curies":[{"name":"wp","href":"https:\/\/api.w.org\/{rel}","templated":true}]}}