{"id":14918,"date":"2024-12-04T10:36:48","date_gmt":"2024-12-04T13:36:48","guid":{"rendered":"https:\/\/web.sistemasfce.com.ar\/wordpress\/?page_id=14918"},"modified":"2024-12-17T11:21:02","modified_gmt":"2024-12-17T14:21:02","slug":"grupo-de-investigacion-gitep","status":"publish","type":"page","link":"https:\/\/web.sistemasfce.com.ar\/wordpress\/index.php\/grupo-de-investigacion-gitep\/","title":{"rendered":"Grupo de Investigaci\u00f3n GITEP"},"content":{"rendered":"<div id=\"modal-ready\"><p style=\"text-align: center;\"><strong><span style=\"font-family: georgia, palatino, serif; font-size: 14pt;\">Grupo de Investigaci\u00f3n sobre Territorio, Econom\u00eda y Pol\u00edticas\u00a0P\u00fablicas (GITEP)<\/span><\/strong><\/p>\n<p>&nbsp;<\/p>\n<p><img loading=\"lazy\" decoding=\"async\" class=\"wp-image-15000 aligncenter\" src=\"https:\/\/web.sistemasfce.com.ar\/wordpress\/wp-content\/uploads\/2024\/12\/LOGO-GITEP-300x111.jpg\" alt=\"\" width=\"430\" height=\"159\" srcset=\"https:\/\/web.sistemasfce.com.ar\/wordpress\/wp-content\/uploads\/2024\/12\/LOGO-GITEP-300x111.jpg 300w, https:\/\/web.sistemasfce.com.ar\/wordpress\/wp-content\/uploads\/2024\/12\/LOGO-GITEP-768x285.jpg 768w, https:\/\/web.sistemasfce.com.ar\/wordpress\/wp-content\/uploads\/2024\/12\/LOGO-GITEP-320x119.jpg 320w, https:\/\/web.sistemasfce.com.ar\/wordpress\/wp-content\/uploads\/2024\/12\/LOGO-GITEP-480x178.jpg 480w, https:\/\/web.sistemasfce.com.ar\/wordpress\/wp-content\/uploads\/2024\/12\/LOGO-GITEP-800x297.jpg 800w, https:\/\/web.sistemasfce.com.ar\/wordpress\/wp-content\/uploads\/2024\/12\/LOGO-GITEP.jpg 945w\" sizes=\"auto, (max-width: 430px) 100vw, 430px\" \/><\/p>\n<p>&nbsp;<\/p>\n<p>En el marco de la Ordenanza Consejo Superior N\u00ba 131, que reglamenta la creaci\u00f3n y funcionamiento de las Unidades de Investigaci\u00f3n de la UNPSJB, la Facultad de Ciencias Econ\u00f3micas, mediante Resoluci\u00f3n Consejo Directivo N\u00ba 100\/23, aval\u00f3 y propuso al Consejo Superior la creaci\u00f3n del Grupo de Investigaci\u00f3n sobre Territorio, Econom\u00eda y Pol\u00edticas P\u00fablicas. El tr\u00e1mite culmin\u00f3 el 31 de octubre de 2023 con<\/p>\n<p>la Resoluci\u00f3n Consejo Superior N\u00ba 119\/23 de creaci\u00f3n del GITEP.<\/p>\n<p>&nbsp;<\/p>\n<h1>Miembros<\/h1>\n<ul>\n<li>Dra. Natalia Usach (Directora e investigadora)<\/li>\n<li>Mg. Ignacio Cretini (Comit\u00e9 Asesor e investigador)<\/li>\n<li>Esp. Nora Cabaleiro (Comit\u00e9 Asesor e investigadora)<\/li>\n<li>Mg. Julio Vivar (investigador)<\/li>\n<li>TUAP Silvia Correia (investigadora en formaci\u00f3n)<\/li>\n<\/ul>\n<p>&nbsp;<\/p>\n<h1>Objetivos<\/h1>\n<p>Nuestro grupo tiene como objetivo general instituir un espacio de producci\u00f3n, sistematizaci\u00f3n, reflexi\u00f3n y socializaci\u00f3n de conocimientos sobre problemas que ligan la econom\u00eda y las pol\u00edticas p\u00fablicas desde una perspectiva territorial. Sobre esta base, buscamos en particular:<\/p>\n<ol>\n<li>Generar, impulsar y desarrollar investigaciones con perspectiva territorial, de las cuales resulten producciones de calidad que permitan difundir en la comunidad cient\u00edfica y acad\u00e9mica los hallazgos, conclusiones y aportes de los proyectos ejecutados.<\/li>\n<li>Promover actividades de vinculaci\u00f3n y transferencia al medio a trav\u00e9s de la realizaci\u00f3n de voluntariados, asesor\u00edas, colaboraciones, servicios y asistencia a organizaciones de diversa \u00edndole que permitan poner al alcance de la comunidad las capacidades y los conocimientos cient\u00edfico-tecnol\u00f3gicos del grupo.<\/li>\n<li>Llevar a cabo actividades de capacitaci\u00f3n y formaci\u00f3n vinculadas a las l\u00edneas de trabajo que desarrolla el grupo utilizando diversos formatos y aprovechando las posibilidades que otorgan las tecnolog\u00edas digitales.<\/li>\n<li>Visibilizar la investigaci\u00f3n y ponerla a disposici\u00f3n de la comunidad mediante acciones de comunicaci\u00f3n y difusi\u00f3n en medios accesibles al amplio p\u00fablico.<\/li>\n<li>Propiciar el desarrollo de capacidades de investigaci\u00f3n a trav\u00e9s de la formaci\u00f3n y acompa\u00f1amiento a los estudiantes que se incorporen a los proyectos y actividades que emprenda el grupo.<\/li>\n<\/ol>\n<p>&nbsp;<\/p>\n<h1>L\u00edneas de investigaci\u00f3n<\/h1>\n<ul>\n<li><em>Desigualdades y cambio estructural<\/em>: en esta l\u00ednea se incluyen asuntos relativos a las desigualdades y asimetr\u00edas en y entre \u00e1mbitos territoriales definidos; las caracter\u00edsticas, din\u00e1micas y cambios de la estructura productiva de los diversos \u00e1mbitos espaciales y las pol\u00edticas p\u00fablicas que impulsan la reducci\u00f3n de las asimetr\u00edas, la promoci\u00f3n del cambio estructural progresivo y el desarrollo socioecon\u00f3mico y productivo.<\/li>\n<li><em>Empresa sostenible<\/em>: bajo esta l\u00ednea se re\u00fanen intereses de investigaci\u00f3n en torno a la interacci\u00f3n de la empresa con el territorio y los impactos de tales interacciones. Por lo tanto, son temas de esta l\u00ednea la contabilidad social y ambiental, normas, est\u00e1ndares, buenas pr\u00e1cticas, nuevas tendencias y el papel de la innovaci\u00f3n en las estrategias de sostenibilidad; as\u00ed como otros aspectos de la responsabilidad social empresaria y sus implicancias territoriales.<\/li>\n<li><em>Transici\u00f3n energ\u00e9tica y cadenas globales de valor (CGV)<\/em>: est\u00e1 l\u00ednea se enfoca en el estudio de las nuevas fuentes de energ\u00eda alternativa y vectores energ\u00e9ticos, su desarrollo en torno a CGV, su vinculaci\u00f3n con la din\u00e1mica territorial y los desaf\u00edos para las pol\u00edticas p\u00fablicas.<\/li>\n<li><em>Econom\u00eda urbana<\/em>: en esta l\u00ednea se busca fomentar investigaciones que indaguen en los problemas espec\u00edficos de las ciudades, particularmente patag\u00f3nicas, relativos a la informalidad urbana, al funcionamiento de los mercados de suelo, el financiamiento del desarrollo urbano, de las infraestructuras, la vivienda y el h\u00e1bitat; junto al estudio de las pol\u00edticas p\u00fablicas necesarias para enfrentarlos.<\/li>\n<\/ul>\n<p>&nbsp;<\/p>\n<h1><span style=\"font-size: 18pt;\">Proyectos de Investigaci\u00f3n en los que participamos<\/span><\/h1>\n<ul>\n<li>2025-2028: Creaci\u00f3n de capacidades cient\u00edfico-tecnol\u00f3gicas en un territorio perif\u00e9rico: Un estudio de caso de Comodoro Rivadavia, Chubut. (Director: Mg. Ignacio Cretini, codirectora: Dra. Natalia Usach, presentado en convocatoria 2024 de SCyT \u2013 UNPSJB avalado por Resoluci\u00f3n CDFCE 49\/24).<\/li>\n<li>2024-2026: An\u00e1lisis hist\u00f3rico del presupuesto municipal: explorando la evoluci\u00f3n y las implicancias de las pol\u00edticas presupuestarias en el contexto hist\u00f3rico del municipio de comodoro Rivadavia. (Directora: Esp. Nora Cabaleiro SCyT \u2013 UNPSJB).<\/li>\n<li>2021-2023: Estudio del sector primario de Comodoro Rivadavia y an\u00e1lisis de sus potencialidades para la generaci\u00f3n de cadenas de valor para el desarrollo local. (Directora: Dra. Natalia Usach codirectora: Esp. Nora Cabaleiro. SCyT \u2013 UNPSJB).<\/li>\n<\/ul>\n<p>&nbsp;<\/p>\n<p>&nbsp;<\/p>\n<h1><span style=\"font-family: georgia, palatino, serif;\">Nuestro lema<\/span><\/h1>\n<h1><img loading=\"lazy\" decoding=\"async\" class=\"alignright wp-image-15003 size-medium\" src=\"https:\/\/web.sistemasfce.com.ar\/wordpress\/wp-content\/uploads\/2024\/12\/ed176be9-a491-401a-9888-ab52d6ac607a-300x300.jpg\" alt=\"\" width=\"300\" height=\"300\" srcset=\"https:\/\/web.sistemasfce.com.ar\/wordpress\/wp-content\/uploads\/2024\/12\/ed176be9-a491-401a-9888-ab52d6ac607a-300x300.jpg 300w, https:\/\/web.sistemasfce.com.ar\/wordpress\/wp-content\/uploads\/2024\/12\/ed176be9-a491-401a-9888-ab52d6ac607a-150x150.jpg 150w, https:\/\/web.sistemasfce.com.ar\/wordpress\/wp-content\/uploads\/2024\/12\/ed176be9-a491-401a-9888-ab52d6ac607a-768x768.jpg 768w, https:\/\/web.sistemasfce.com.ar\/wordpress\/wp-content\/uploads\/2024\/12\/ed176be9-a491-401a-9888-ab52d6ac607a-320x320.jpg 320w, https:\/\/web.sistemasfce.com.ar\/wordpress\/wp-content\/uploads\/2024\/12\/ed176be9-a491-401a-9888-ab52d6ac607a-480x480.jpg 480w, https:\/\/web.sistemasfce.com.ar\/wordpress\/wp-content\/uploads\/2024\/12\/ed176be9-a491-401a-9888-ab52d6ac607a-800x800.jpg 800w, https:\/\/web.sistemasfce.com.ar\/wordpress\/wp-content\/uploads\/2024\/12\/ed176be9-a491-401a-9888-ab52d6ac607a.jpg 1024w\" sizes=\"auto, (max-width: 300px) 100vw, 300px\" \/><\/h1>\n<p><em>\u201cInnovaci\u00f3n para la sostenibilidad\u201d<\/em><\/p>\n<p>&nbsp;<\/p>\n<h1>Correo electr\u00f3nico<\/h1>\n<p><a href=\"mailto:gitep@economicasunp.edu.ar\">gitep@economicasunp.edu.ar<\/a><\/p>\n<p>&nbsp;<\/p>\n<h1>Redes sociales<\/h1>\n<p>@GITEP_fce_unp<\/p>\n<p>Web:<\/p>\n<p>(en construcci\u00f3n)<\/p>\n<p>&nbsp;<\/p>\n<\/div>","protected":false},"excerpt":{"rendered":"<p>Grupo de Investigaci\u00f3n sobre Territorio, Econom\u00eda y Pol\u00edticas\u00a0P\u00fablicas (GITEP) &nbsp; &nbsp; En el marco de &hellip; <\/p>\n","protected":false},"author":10,"featured_media":0,"parent":0,"menu_order":0,"comment_status":"closed","ping_status":"closed","template":"","meta":{"pmpro_default_level":"","footnotes":""},"class_list":["post-14918","page","type-page","status-publish","hentry","pmpro-has-access"],"_links":{"self":[{"href":"https:\/\/web.sistemasfce.com.ar\/wordpress\/index.php\/wp-json\/wp\/v2\/pages\/14918","targetHints":{"allow":["GET"]}}],"collection":[{"href":"https:\/\/web.sistemasfce.com.ar\/wordpress\/index.php\/wp-json\/wp\/v2\/pages"}],"about":[{"href":"https:\/\/web.sistemasfce.com.ar\/wordpress\/index.php\/wp-json\/wp\/v2\/types\/page"}],"author":[{"embeddable":true,"href":"https:\/\/web.sistemasfce.com.ar\/wordpress\/index.php\/wp-json\/wp\/v2\/users\/10"}],"replies":[{"embeddable":true,"href":"https:\/\/web.sistemasfce.com.ar\/wordpress\/index.php\/wp-json\/wp\/v2\/comments?post=14918"}],"version-history":[{"count":8,"href":"https:\/\/web.sistemasfce.com.ar\/wordpress\/index.php\/wp-json\/wp\/v2\/pages\/14918\/revisions"}],"predecessor-version":[{"id":15006,"href":"https:\/\/web.sistemasfce.com.ar\/wordpress\/index.php\/wp-json\/wp\/v2\/pages\/14918\/revisions\/15006"}],"wp:attachment":[{"href":"https:\/\/web.sistemasfce.com.ar\/wordpress\/index.php\/wp-json\/wp\/v2\/media?parent=14918"}],"curies":[{"name":"wp","href":"https:\/\/api.w.org\/{rel}","templated":true}]}}