{"id":14133,"date":"2023-07-20T14:25:38","date_gmt":"2023-07-20T14:25:38","guid":{"rendered":"https:\/\/web.sistemasfce.com.ar\/wordpress\/?page_id=14133"},"modified":"2025-03-28T17:59:43","modified_gmt":"2025-03-28T20:59:43","slug":"analisis-y-gestion-de-datos","status":"publish","type":"page","link":"https:\/\/web.sistemasfce.com.ar\/wordpress\/index.php\/analisis-y-gestion-de-datos\/","title":{"rendered":"Diplomatura en An\u00e1lisis y Gesti\u00f3n de Datos"},"content":{"rendered":"<div class=\"wpb-content-wrapper\"><div id=\"modal-ready\"><p>[vc_row][vc_column][vc_column_text]<span style=\"font-size: 14pt;\"><span style=\"color: #000000;\">Se encuentra abierta la pre-inscripci\u00f3n a la<strong> Diplomatura en An\u00e1lisis y Gesti\u00f3n de Datos<\/strong><\/span><\/span>[\/vc_column_text][\/vc_column][\/vc_row][vc_row][vc_column][vc_tta_accordion title_tag=&#8221;h3&#8243; style=&#8221;outline&#8221; color=&#8221;blue&#8221; spacing=&#8221;3&#8243; gap=&#8221;5&#8243; c_icon=&#8221;chevron&#8221; active_section=&#8221;1&#8243; collapsible_all=&#8221;true&#8221;][vc_tta_section title=&#8221;Objetivos&#8221; tab_id=&#8221;1689863411477-d6106cb5-4d64&#8243;][vc_column_text]<span style=\"color: #800080;\"><strong><span style=\"font-size: 14pt;\">El objetivo general:<\/span><\/strong><\/span><\/p>\n<p style=\"text-align: justify;\"><span style=\"color: #000000;\">El objetivo de la Diplomatura es brindar herramientas que permitan comprender, identificar, interpretar y evaluar problemas y estrategias de soluci\u00f3n a situaciones basadas en el an\u00e1lisis y gesti\u00f3n computacional de datos, que sea transversal a las distintas ramas del conocimiento.<\/span><\/p>\n<p style=\"font-weight: 400; text-align: justify;\"><strong><span style=\"font-size: 14pt; color: #800080;\">Los objetivos espec\u00edficos:<\/span><\/strong><\/p>\n<ul>\n<li style=\"font-weight: 400; text-align: justify;\"><span style=\"color: #000000;\">Comprender el valor de los datos para resolver problemas de gesti\u00f3n y auditor\u00eda en las organizaciones\u00a0y comunidades de la sociedad.<\/span><\/li>\n<li style=\"font-weight: 400; text-align: justify;\"><span style=\"color: #000000;\">\u00a0Comprender\u00a0intuitivamente losalgoritmos\u00a0utilizados en la miner\u00eda de datos. En particular, An\u00e1lisis Multivariado, Investigaci\u00f3n Operativa, M\u00e9todos Anal\u00edticos Predictivos y Aprendizaje\u00a0Autom\u00e1tico.<\/span><\/li>\n<li style=\"font-weight: 400; text-align: justify;\"><span style=\"color: #000000;\">Identificar la necesidad de aplicaci\u00f3n demetodolog\u00edas avanzadas de aprendizaje autom\u00e1tico para la gesti\u00f3n en organizaciones, t\u00e9cnicas de An\u00e1lisis longitudinal de datos y de regresi\u00f3n generalizados.<\/span><\/li>\n<li style=\"font-weight: 400; text-align: justify;\"><span style=\"color: #000000;\">Desarrollar los conocimientos, conceptos y habilidades necesarios para comprender los datos, crear y comunicar visualizaciones efectivas. As\u00ed como la capacidad de seleccionar las t\u00e9cnicas de visualizaci\u00f3n adecuadas seg\u00fan los datos y los objetivos.<\/span><\/li>\n<li style=\"font-weight: 400; text-align: justify;\"><span style=\"color: #000000;\">Identificar estrategias de an\u00e1lisis de datos para el abordaje de problem\u00e1ticas de las organizaciones y comunidades de la sociedad.<\/span><\/li>\n<li style=\"font-weight: 400; text-align: justify;\"><span style=\"color: #000000;\">Interpretar el impacto que tienen en la gesti\u00f3n de una organizaci\u00f3n distintos an\u00e1lisis de datos basados en t\u00e9cnicas de inteligencia computacional.<\/span><\/li>\n<\/ul>\n<p>[\/vc_column_text][vc_single_image image=&#8221;15147&#8243; img_size=&#8221;large&#8221; alignment=&#8221;center&#8221; style=&#8221;vc_box_shadow_3d&#8221; css=&#8221;&#8221;][\/vc_tta_section][vc_tta_section title=&#8221;Dirigido a&#8221; tab_id=&#8221;1689863411490-df1a18ec-70fc&#8221;][vc_column_text]<span style=\"font-size: 14pt; color: #000000;\">La propuesta est\u00e1 dirigida a profesionales, investigadores y p\u00fablico en general interesados en la gesti\u00f3n y an\u00e1lisis de grandes vol\u00famenes de datos.<\/span>[\/vc_column_text][vc_single_image image=&#8221;14135&#8243; img_size=&#8221;large&#8221; alignment=&#8221;center&#8221;][\/vc_tta_section][vc_tta_section title=&#8221;Inscripci\u00f3n&#8221; tab_id=&#8221;1689864555238-06b9bead-3cd1&#8243;][vc_column_text]<span style=\"font-size: 14pt; color: #000000;\">Para inscribirse debe completar y enviar el siguiente formulario de Pre-Inscripci\u00f3n:<\/span>[\/vc_column_text][vc_btn title=&#8221;Formulario de Pre-Inscripci\u00f3n&#8221; color=&#8221;primary&#8221; size=&#8221;lg&#8221; align=&#8221;center&#8221; link=&#8221;url:https%3A%2F%2Fforms.gle%2FwBZ5chf2QZUdLKvT9|target:_blank&#8221;][\/vc_tta_section][vc_tta_section title=&#8221;Plan de Estudio&#8221; tab_id=&#8221;1689864770077-9edb6559-b11a&#8221;][vc_column_text]<\/p>\n<p style=\"font-weight: 400; text-align: justify;\"><span style=\"color: #000000;\">El Diplomado se estructura de una forma secuencial, en dos cuatrimestres, a trav\u00e9s de m\u00f3dulos aut\u00f3nomos, que guardan una relaci\u00f3n creciente de necesidad y complejidad. Los conceptos te\u00f3ricos son abordados desde una mirada pr\u00e1ctica y de aplicaci\u00f3n. Se enfatiza la visi\u00f3n de\u00a0<em>aprender haciendo<\/em>\u00a0y desde ese hacer, se aspira a construir el conocimiento que sustente las habilidades pr\u00e1cticas adquiridas.<\/span><\/p>\n<p style=\"font-weight: 400; text-align: justify;\"><strong><span style=\"font-size: 14pt; color: #800080;\">Modalidad<\/span>:<\/strong>\u00a0<span style=\"color: #000000;\">El cursado ser\u00e1 virtual, a trav\u00e9s de la plataforma Zoom, con el apoyo del campus virtual Moodle de la Facultad de Ciencias Econ\u00f3micas. Las clases ser\u00e1n asincr\u00f3nicas, con el material en nuestro campus. No obstante tambi\u00e9n habr\u00e1 clases sincr\u00f3nicas para evacuar dudas y\/o presentar material.<\/span><\/p>\n<p style=\"font-weight: 400; text-align: justify;\"><span style=\"color: #800080; font-size: 14pt;\"><strong>Carga horaria total:<\/strong><\/span>\u00a0<span style=\"color: #000000;\">210 hs.<\/span><\/p>\n<p style=\"font-weight: 400; text-align: justify;\"><span style=\"color: #800080; font-size: 14pt;\"><strong>Admisi\u00f3n:<\/strong><\/span>\u00a0<span style=\"color: #000000;\">Los ingresantes deber\u00e1n tener preferentemente conocimientos de una Estad\u00edstica I de grado y los temas de un \u00c1lgebra de Ciencias Econ\u00f3micas: \u00a0vectores, matrices, determinantes, sistemas de ecuaciones lineales, espacio vectorial. Para aquellos postulantes que quieran reforzar \/ aprender estos conceptos, se dictar\u00e1 un curso de nivelaci\u00f3n virtual opcional durante el mes de agosto, a cargo de docentes de la universidad. El mismo ser\u00e1 auto gestionado con una duraci\u00f3n m\u00e1xima de 30hs por m\u00f3dulo.<\/span><\/p>\n<p style=\"font-weight: 400; text-align: justify;\"><strong><span style=\"color: #800080; font-size: 14pt;\">Requisitos de aprobaci\u00f3n:<\/span>\u00a0<\/strong><span style=\"color: #000000;\">Se deben aprobar todos los m\u00f3dulos individuales y presentar un trabajo final integrador, el cual ser\u00e1 supervisado por un\/a docente, los cuales ser\u00e1n sugeridos por el Comit\u00e9 de Coordinaci\u00f3n. El proyecto trabajo final se podr\u00e1 comenzar a trabajar desde el momento de la inscripci\u00f3n al Diplomado. No obstante, se sugiere que el mismo se comience a elaborar a partir de la aprobaci\u00f3n del 50% de los m\u00f3dulos.<\/span><\/p>\n<p style=\"font-weight: 400; text-align: justify;\"><span style=\"color: #000000;\">Para el trabajo final el Comit\u00e9 de Coordinaci\u00f3n podr\u00e1 presentar l\u00edneas estrat\u00e9gicas en acuerdo con organizaciones p\u00fablicas o privadas de la regi\u00f3n interesadas en utilizar las herramientas y conceptos difundidos en la diplomatura.<\/span><\/p>\n<p>[\/vc_column_text][vc_single_image image=&#8221;14146&#8243; img_size=&#8221;full&#8221; alignment=&#8221;center&#8221; style=&#8221;vc_box_shadow_3d&#8221; onclick=&#8221;custom_link&#8221; title=&#8221;Mapa Curricular&#8221; link=&#8221;https:\/\/web.sistemasfce.com.ar\/wordpress\/wp-content\/uploads\/2023\/07\/Mapa-Curricular-Diplom-Analisis-y-Gestion-de-Datos.pdf&#8221;][\/vc_tta_section][vc_tta_section title=&#8221;Aranceles&#8221; tab_id=&#8221;1689868912656-e089343c-dd10&#8243;][vc_column_text]<\/p>\n<p style=\"font-weight: 400;\"><span style=\"font-size: 14pt; color: #800080;\"><strong>Aranceles:<\/strong><\/span><\/p>\n<ul>\n<li style=\"font-weight: 400; text-align: justify;\"><span style=\"font-size: 14pt; color: #000000;\">Arancel general $ 240.000.-<\/span><\/li>\n<li style=\"font-weight: 400; text-align: justify;\"><span style=\"font-size: 14pt; color: #000000;\">Comunidad UNPSJB: Los docentes, graduados y alumnos de la UNPSJB que participen del curso se les asignar\u00e1 una beca del 50% del total del arancel, siendo su costo $ 120.000<\/span><\/li>\n<li style=\"font-weight: 400; text-align: justify;\"><span style=\"font-size: 14pt; color: #000000;\">Los socios de c\u00e1maras empresariales y matriculados en el Consejo Profesional de Ciencias Econ\u00f3micas del Chubut, tendr\u00e1n un descuento del 35%, con un costo de $ 156.000 por cada participante.<\/span><\/li>\n<\/ul>\n<p style=\"font-weight: 400; text-align: justify;\"><span style=\"font-size: 14pt; color: #000000;\">Los aranceles se pagar\u00e1n en 12 cuotas iguales y consecutivas en nuestra plataforma de pagos, con tarjeta de d\u00e9bito \/ cr\u00e9dito \/ d\u00e9bito autom\u00e1tico.\u00a0<\/span><\/p>\n<p>[\/vc_column_text][\/vc_tta_section][\/vc_tta_accordion][\/vc_column][\/vc_row]<\/p>\n<\/div><\/div>","protected":false},"excerpt":{"rendered":"<p>[vc_row][vc_column][vc_column_text]Se encuentra abierta la pre-inscripci\u00f3n a la Diplomatura en An\u00e1lisis y Gesti\u00f3n de Datos[\/vc_column_text][\/vc_column][\/vc_row][vc_row][vc_column][vc_tta_accordion title_tag=&#8221;h3&#8243; &hellip; <\/p>\n","protected":false},"author":6,"featured_media":0,"parent":0,"menu_order":0,"comment_status":"closed","ping_status":"closed","template":"","meta":{"pmpro_default_level":"","footnotes":""},"class_list":["post-14133","page","type-page","status-publish","hentry","pmpro-has-access"],"_links":{"self":[{"href":"https:\/\/web.sistemasfce.com.ar\/wordpress\/index.php\/wp-json\/wp\/v2\/pages\/14133","targetHints":{"allow":["GET"]}}],"collection":[{"href":"https:\/\/web.sistemasfce.com.ar\/wordpress\/index.php\/wp-json\/wp\/v2\/pages"}],"about":[{"href":"https:\/\/web.sistemasfce.com.ar\/wordpress\/index.php\/wp-json\/wp\/v2\/types\/page"}],"author":[{"embeddable":true,"href":"https:\/\/web.sistemasfce.com.ar\/wordpress\/index.php\/wp-json\/wp\/v2\/users\/6"}],"replies":[{"embeddable":true,"href":"https:\/\/web.sistemasfce.com.ar\/wordpress\/index.php\/wp-json\/wp\/v2\/comments?post=14133"}],"version-history":[{"count":11,"href":"https:\/\/web.sistemasfce.com.ar\/wordpress\/index.php\/wp-json\/wp\/v2\/pages\/14133\/revisions"}],"predecessor-version":[{"id":15148,"href":"https:\/\/web.sistemasfce.com.ar\/wordpress\/index.php\/wp-json\/wp\/v2\/pages\/14133\/revisions\/15148"}],"wp:attachment":[{"href":"https:\/\/web.sistemasfce.com.ar\/wordpress\/index.php\/wp-json\/wp\/v2\/media?parent=14133"}],"curies":[{"name":"wp","href":"https:\/\/api.w.org\/{rel}","templated":true}]}}