{"id":13834,"date":"2023-05-08T22:57:41","date_gmt":"2023-05-08T22:57:41","guid":{"rendered":"https:\/\/web.sistemasfce.com.ar\/wordpress\/?page_id=13834"},"modified":"2023-05-08T23:14:39","modified_gmt":"2023-05-08T23:14:39","slug":"ateneo-en-progresos-en-economia","status":"publish","type":"page","link":"https:\/\/web.sistemasfce.com.ar\/wordpress\/index.php\/ateneo-en-progresos-en-economia\/","title":{"rendered":"ATENEO EN PROGRESOS EN ECONOM\u00cdA"},"content":{"rendered":"<div class=\"wpb-content-wrapper\"><div id=\"modal-ready\"><p>[vc_row][vc_column][vc_icon icon_fontawesome=&#8221;fas fa-angle-double-left&#8221; color=&#8221;orange&#8221; link=&#8221;url:http%3A%2F%2Fweb.sistemasfce.com.ar%2Fwordpress%2Findex.php%2Fateneos-universitarios%2F&#8221;]<div class=\"thim-widget-icon-box template-base\"><div class=\"wrapper-box-icon has_custom_image wrapper-line-heading text-center \" ><div class=\"smicon-box iconbox-top\" style=\"--icon-width: 75px;--icon-height: 75px;\"><div class=\"boxes-icon\"><span class=\"inner-icon\"><span class=\"icon icon-images\"><img loading=\"lazy\" decoding=\"async\" src=\"https:\/\/web.sistemasfce.com.ar\/wordpress\/wp-content\/uploads\/2022\/06\/B-estadistica.png\" alt=\"B-estadistica\"  width=\"323\" height=\"323\"><\/span><\/span><\/span><\/div><div class=\"content-inner\"><div class=\"sc-heading article_heading\"><h3 class = \"heading__primary\" style=\"--title-color: #f27900;--title-font-size: 14px;--title-margin-bottom: 5px;\">ATENEO EN PROGRESOS EN ECONOM\u00cdA: IDEAS ECON\u00d3MICAS DESDE LA PATAGONIA<\/h3><span class=\"line-heading\"><\/span><\/div><\/div><\/div><\/div><\/div>[vc_empty_space][\/vc_column][\/vc_row][vc_row][vc_column][vc_column_text]<\/p>\n<p style=\"text-align: center;\"><span style=\"color: #000000;\"><strong>DIRECTOR: <\/strong> Daniel Peiretti<\/span><\/p>\n<p style=\"text-align: center;\"><span style=\"color: #000000;\"><strong>FECHA DE INICIO: <\/strong>12\/05\/2016<\/span><\/p>\n<p style=\"text-align: center;\"><span style=\"color: #000000;\"><strong>RESOLUCION DE AVAL: <\/strong>055\/16 CDFCE<\/span><\/p>\n<p style=\"text-align: center;\"><span style=\"color: #000000;\"><strong>DELEGACI\u00d3N TRELEW<\/strong><\/span><\/p>\n<p style=\"text-align: center;\"><span style=\"color: #000000;\"><strong>CONTACTO: <\/strong><span style=\"color: #333399;\">pe@gmx.com<\/span><\/span><\/p>\n<p>[\/vc_column_text][\/vc_column][\/vc_row][vc_row][vc_column][vc_column_text]<span style=\"font-size: 14pt;\"><strong>OBJETIVO<\/strong><\/span><\/p>\n<p><span style=\"color: #000000;\">Generar un especio abierto de debate, intercambio y an\u00e1lisis de tem\u00e1ticas referidas a los temas que se encuentran en la frontera del conocimiento de Econom\u00eda, que tengan relevancia local, regional, nacional o global, con la pretensi\u00f3n de generar aportes significativos para la Patagonia de los integrantes de la comunidad acad\u00e9mica de la Facultad de Ciencias Econ\u00f3micas de la UNPSJB y generar un espacio de difusi\u00f3n de las distintas perspectivas cient\u00edficas y tecnol\u00f3gicas que los integrantes de la comunidad acad\u00e9mica incorporen como novedosos sobre tem\u00e1ticas referidas a la econom\u00eda.<\/span>[\/vc_column_text][\/vc_column][\/vc_row]<\/p>\n<\/div><\/div>","protected":false},"excerpt":{"rendered":"<p>[vc_row][vc_column][vc_icon icon_fontawesome=&#8221;fas fa-angle-double-left&#8221; color=&#8221;orange&#8221; link=&#8221;url:http%3A%2F%2Fweb.sistemasfce.com.ar%2Fwordpress%2Findex.php%2Fateneos-universitarios%2F&#8221;][vc_empty_space][\/vc_column][\/vc_row][vc_row][vc_column][vc_column_text] DIRECTOR: Daniel Peiretti FECHA DE INICIO: 12\/05\/2016 RESOLUCION DE AVAL: &hellip; <\/p>\n","protected":false},"author":11,"featured_media":0,"parent":0,"menu_order":0,"comment_status":"closed","ping_status":"closed","template":"","meta":{"pmpro_default_level":"","footnotes":""},"class_list":["post-13834","page","type-page","status-publish","hentry","pmpro-has-access"],"_links":{"self":[{"href":"https:\/\/web.sistemasfce.com.ar\/wordpress\/index.php\/wp-json\/wp\/v2\/pages\/13834","targetHints":{"allow":["GET"]}}],"collection":[{"href":"https:\/\/web.sistemasfce.com.ar\/wordpress\/index.php\/wp-json\/wp\/v2\/pages"}],"about":[{"href":"https:\/\/web.sistemasfce.com.ar\/wordpress\/index.php\/wp-json\/wp\/v2\/types\/page"}],"author":[{"embeddable":true,"href":"https:\/\/web.sistemasfce.com.ar\/wordpress\/index.php\/wp-json\/wp\/v2\/users\/11"}],"replies":[{"embeddable":true,"href":"https:\/\/web.sistemasfce.com.ar\/wordpress\/index.php\/wp-json\/wp\/v2\/comments?post=13834"}],"version-history":[{"count":1,"href":"https:\/\/web.sistemasfce.com.ar\/wordpress\/index.php\/wp-json\/wp\/v2\/pages\/13834\/revisions"}],"predecessor-version":[{"id":13835,"href":"https:\/\/web.sistemasfce.com.ar\/wordpress\/index.php\/wp-json\/wp\/v2\/pages\/13834\/revisions\/13835"}],"wp:attachment":[{"href":"https:\/\/web.sistemasfce.com.ar\/wordpress\/index.php\/wp-json\/wp\/v2\/media?parent=13834"}],"curies":[{"name":"wp","href":"https:\/\/api.w.org\/{rel}","templated":true}]}}