{"id":13207,"date":"2022-11-17T21:05:50","date_gmt":"2022-11-17T21:05:50","guid":{"rendered":"https:\/\/web.sistemasfce.com.ar\/wordpress\/?page_id=13207"},"modified":"2023-07-04T21:11:33","modified_gmt":"2023-07-04T21:11:33","slug":"especializacion-en-contabilidad-superior-y-auditoria","status":"publish","type":"page","link":"https:\/\/web.sistemasfce.com.ar\/wordpress\/index.php\/especializacion-en-contabilidad-superior-y-auditoria\/","title":{"rendered":"Especializaci\u00f3n en Contabilidad Superior y Auditor\u00eda"},"content":{"rendered":"<div class=\"wpb-content-wrapper\"><div id=\"modal-ready\"><p>[vc_row][vc_column][vc_column_text]<span style=\"font-size: 14pt;\"><span style=\"color: #000000;\">Se encuentra abierta la pre-inscripci\u00f3n a la cohorte 2023\/24 de la<strong> Especializaci\u00f3n en Contabilidad Superior y Auditoria<\/strong> (Delegaci\u00f3n Comodoro Rivadavia), la cual cuenta con la acreditaci\u00f3n de CONEAU<\/span><a href=\"https:\/\/www.coneau.gob.ar\/archivos\/resoluciones\/Res1148-15C21156.pdf\" target=\"_blank\" rel=\"noopener\"> Res N\u00b0 1148\/15<\/a>.<\/span>[\/vc_column_text][vc_tta_accordion title_tag=&#8221;h3&#8243; style=&#8221;outline&#8221; color=&#8221;purple&#8221; spacing=&#8221;3&#8243; gap=&#8221;5&#8243; active_section=&#8221;1&#8243; collapsible_all=&#8221;true&#8221;][vc_tta_section title=&#8221;Generalidad&#8221; tab_id=&#8221;1668717789937-1777f5ae-a873&#8243;][vc_single_image image=&#8221;14054&#8243; img_size=&#8221;large&#8221; alignment=&#8221;center&#8221; style=&#8221;vc_box_shadow_3d&#8221;][\/vc_tta_section][vc_tta_section title=&#8221;Dirigido a&#8221; tab_id=&#8221;1668717789951-49ee0217-5cd7&#8243;][vc_column_text]<span style=\"color: #000000; font-size: 14pt;\">La Especializaci\u00f3n est\u00e1 destinada a los Egresados de la <strong>Carrera de Contador P\u00fablico<\/strong>, con el fin de reforzar y ampliar la capacidad de auditar la informaci\u00f3n contable de las organizaciones, poniendo especial \u00e9nfasis en la aplicaci\u00f3n a casos reales.<\/span>[\/vc_column_text][vc_single_image image=&#8221;14056&#8243; img_size=&#8221;large&#8221; alignment=&#8221;center&#8221; style=&#8221;vc_box_shadow_3d&#8221;][\/vc_tta_section][vc_tta_section title=&#8221;Inscripci\u00f3n&#8221; tab_id=&#8221;1669904416462-3d056d2c-e9cf&#8221;][vc_column_text]<span style=\"color: #000000; font-size: 14pt;\">El plazo de Pre-Inscripci\u00f3n se extiende durante el mes de <strong>Julio 2023<\/strong>. Para pre-inscribirse debe completar el siguiente formulario:<\/span>[\/vc_column_text][vc_btn title=&#8221;Formulario de Pre-Inscripci\u00f3n&#8221; color=&#8221;violet&#8221; size=&#8221;lg&#8221; align=&#8221;center&#8221; link=&#8221;url:https%3A%2F%2Fforms.gle%2FBMte1mLEaqbjX1yi7|target:_blank&#8221;][\/vc_tta_section][vc_tta_section title=&#8221;Plan de Estudio&#8221; tab_id=&#8221;1669904493129-41deabb1-da5f&#8221;][vc_column_text]<span style=\"font-size: 14pt;\">El Plan de Estudio contempla los siguientes m\u00f3dulos:<\/span><\/p>\n<ul style=\"list-style-type: square;\">\n<li>Cuestiones especiales de valuaci\u00f3n y determinaci\u00f3n de resultados.<\/li>\n<li>Metodolog\u00eda De La Investigaci\u00f3n<\/li>\n<li>An\u00e1lisis y Proyecci\u00f3n de la Informaci\u00f3n Contable.<\/li>\n<li>Cuestiones contables particulares de algunos sectores. Contabilidad para la toma de decisiones.<\/li>\n<li>Sistemas de Informaci\u00f3n<\/li>\n<li>Auditor\u00eda de Estados Contables<\/li>\n<li>Auditor\u00eda en un Contexto Computadorizado<\/li>\n<li>Auditor\u00eda y Control Fiscal<\/li>\n<li>Auditor\u00edas Especiales<\/li>\n<li>Deontolog\u00eda y \u00c9tica Profesional<\/li>\n<li>Trabajo Final Integrador<\/li>\n<\/ul>\n<p>&nbsp;<\/p>\n<p><span style=\"font-size: 14pt;\"><strong><em>Mayor informaci\u00f3n:<\/em><\/strong> posgradostw@gmail.com<\/span><\/p>\n<p><span style=\"font-size: 14pt;\"><strong>Inicio<\/strong>: Agosto 2023<\/span>[\/vc_column_text][\/vc_tta_section][vc_tta_section title=&#8221;Modalidad de dictado&#8221; tab_id=&#8221;1669906097140-208397ea-dc6f&#8221;][vc_column_text]<span style=\"color: #000000; font-size: 14pt;\">La modalidad de dictado de la Especializaci\u00f3n en Contabilidad Superior y Auditor\u00eda ser\u00e1 h\u00edbrida, lo que implica que el dictado de clases ser\u00e1 con <strong>presencialidad f\u00edsica en aula y\/o remota sincr\u00f3nica<\/strong>.<\/span><\/p>\n<p><span style=\"font-size: 14pt; color: #000000;\">La duraci\u00f3n es de 1 a\u00f1o, y el Director de la carrera es el <strong>Dr. Alejandro Barbei<\/strong><\/span>[\/vc_column_text][\/vc_tta_section][\/vc_tta_accordion][\/vc_column][\/vc_row]<\/p>\n<\/div><\/div>","protected":false},"excerpt":{"rendered":"<p>[vc_row][vc_column][vc_column_text]Se encuentra abierta la pre-inscripci\u00f3n a la cohorte 2023\/24 de la Especializaci\u00f3n en Contabilidad Superior &hellip; <\/p>\n","protected":false},"author":6,"featured_media":0,"parent":0,"menu_order":0,"comment_status":"closed","ping_status":"closed","template":"","meta":{"pmpro_default_level":"","footnotes":""},"class_list":["post-13207","page","type-page","status-publish","hentry","pmpro-has-access"],"_links":{"self":[{"href":"https:\/\/web.sistemasfce.com.ar\/wordpress\/index.php\/wp-json\/wp\/v2\/pages\/13207","targetHints":{"allow":["GET"]}}],"collection":[{"href":"https:\/\/web.sistemasfce.com.ar\/wordpress\/index.php\/wp-json\/wp\/v2\/pages"}],"about":[{"href":"https:\/\/web.sistemasfce.com.ar\/wordpress\/index.php\/wp-json\/wp\/v2\/types\/page"}],"author":[{"embeddable":true,"href":"https:\/\/web.sistemasfce.com.ar\/wordpress\/index.php\/wp-json\/wp\/v2\/users\/6"}],"replies":[{"embeddable":true,"href":"https:\/\/web.sistemasfce.com.ar\/wordpress\/index.php\/wp-json\/wp\/v2\/comments?post=13207"}],"version-history":[{"count":21,"href":"https:\/\/web.sistemasfce.com.ar\/wordpress\/index.php\/wp-json\/wp\/v2\/pages\/13207\/revisions"}],"predecessor-version":[{"id":14069,"href":"https:\/\/web.sistemasfce.com.ar\/wordpress\/index.php\/wp-json\/wp\/v2\/pages\/13207\/revisions\/14069"}],"wp:attachment":[{"href":"https:\/\/web.sistemasfce.com.ar\/wordpress\/index.php\/wp-json\/wp\/v2\/media?parent=13207"}],"curies":[{"name":"wp","href":"https:\/\/api.w.org\/{rel}","templated":true}]}}