{"id":12847,"date":"2022-08-20T18:58:02","date_gmt":"2022-08-20T18:58:02","guid":{"rendered":"https:\/\/web.sistemasfce.com.ar\/wordpress\/?page_id=12847"},"modified":"2025-07-10T19:46:07","modified_gmt":"2025-07-10T22:46:07","slug":"administracion-ambiental","status":"publish","type":"page","link":"https:\/\/web.sistemasfce.com.ar\/wordpress\/index.php\/administracion-ambiental\/","title":{"rendered":"Ateneo en Administraci\u00f3n Ambiental"},"content":{"rendered":"<div class=\"wpb-content-wrapper\"><div id=\"modal-ready\"><p>[vc_row][vc_column width=&#8221;1\/6&#8243;][vc_icon icon_fontawesome=&#8221;fas fa-angle-double-left&#8221; link=&#8221;url:http%3A%2F%2Fweb.sistemasfce.com.ar%2Fwordpress%2Findex.php%2Fateneos-administracion%2F|title:Volver%20Ateneos%20Administraci%C3%B3n&#8221;][\/vc_column][vc_column width=&#8221;5\/6&#8243;]<div class=\"thim-widget-icon-box template-base\"><div class=\"wrapper-box-icon has_custom_image wrapper-line-heading text-center \" ><div class=\"smicon-box iconbox-top\" style=\"--icon-color:#D7FFBA;--icon-width: 139px;--icon-height: 139px;\"><div class=\"boxes-icon\"><span class=\"inner-icon\"><span class=\"icon icon-images\"><img loading=\"lazy\" decoding=\"async\" src=\"https:\/\/web.sistemasfce.com.ar\/wordpress\/wp-content\/uploads\/2022\/08\/logo-ateneo-aa.jpg\" alt=\"logo ateneo aa\"  width=\"500\" height=\"500\"><\/span><\/span><\/span><\/div><div class=\"content-inner\"><div class=\"sc-heading article_heading\"><h3 class = \"heading__primary\" style=\"--title-color: #1E73BE;--title-font-size: 25px;\">ATENEO EN ADMINISTRACI\u00d3N AMBIENTAL<\/h3><span class=\"line-heading\"><\/span><\/div><\/div><\/div><\/div><\/div>[\/vc_column][\/vc_row][vc_row][vc_column][vc_tta_tabs title_tag=&#8221;h5&#8243; style=&#8221;modern&#8221; color=&#8221;green&#8221; spacing=&#8221;3&#8243; gap=&#8221;5&#8243; active_section=&#8221;1&#8243; pagination_style=&#8221;outline-square&#8221; pagination_color=&#8221;green&#8221; no_fill_content_area=&#8221;true&#8221; title=&#8221;Actividades Realizadas&#8221;][vc_tta_section title=&#8221;Charlas&#8221; tab_id=&#8221;1661021882675-40de69a5-d1d2&#8243;][vc_images_carousel images=&#8221;12854,12855,12858,14608,14611,14865&#8243; img_size=&#8221;full&#8221; speed=&#8221;4000&#8243; slides_per_view=&#8221;2&#8243; autoplay=&#8221;yes&#8221; partial_view=&#8221;yes&#8221; wrap=&#8221;yes&#8221; css_animation=&#8221;lightSpeedIn&#8221; css=&#8221;.vc_custom_1752186473268{border-color: #81D742 !important;}&#8221;][vc_row_inner][vc_column_inner width=&#8221;1\/4&#8243;][vc_empty_space height=&#8221;64px&#8221;][vc_single_image image=&#8221;12859&#8243; img_size=&#8221;large&#8221; alignment=&#8221;center&#8221; onclick=&#8221;link_image&#8221;][vc_empty_space height=&#8221;34px&#8221;][vc_empty_space height=&#8221;34px&#8221;][vc_single_image image=&#8221;12856&#8243; img_size=&#8221;large&#8221; alignment=&#8221;center&#8221; onclick=&#8221;link_image&#8221;][vc_empty_space height=&#8221;34px&#8221;][vc_empty_space height=&#8221;34px&#8221;][vc_single_image image=&#8221;12857&#8243; img_size=&#8221;large&#8221; alignment=&#8221;center&#8221; style=&#8221;vc_box_shadow&#8221; onclick=&#8221;link_image&#8221;][vc_empty_space height=&#8221;34px&#8221;][vc_empty_space height=&#8221;34px&#8221;][vc_single_image image=&#8221;14608&#8243; img_size=&#8221;large&#8221; alignment=&#8221;center&#8221; onclick=&#8221;link_image&#8221;][vc_empty_space height=&#8221;34px&#8221;][vc_empty_space height=&#8221;34px&#8221;][vc_single_image image=&#8221;14611&#8243; img_size=&#8221;full&#8221; alignment=&#8221;center&#8221; style=&#8221;vc_box_shadow&#8221; onclick=&#8221;link_image&#8221;][vc_empty_space height=&#8221;34px&#8221;][vc_empty_space height=&#8221;34px&#8221;][vc_single_image image=&#8221;14865&#8243; img_size=&#8221;full&#8221; alignment=&#8221;center&#8221; style=&#8221;vc_box_shadow&#8221; onclick=&#8221;link_image&#8221;][\/vc_column_inner][vc_column_inner width=&#8221;3\/4&#8243;][vc_empty_space][vc_empty_space][vc_text_separator title=&#8221;2021&#8243; color=&#8221;green&#8221; style=&#8221;double&#8221; border_width=&#8221;5&#8243; css_animation=&#8221;bounceInRight&#8221; css=&#8221;&#8221;][vc_empty_space][vc_column_text]<span style=\"color: #000000;\">Charla: <span style=\"font-size: 14pt;\"><strong>&#8220;\u00bfQu\u00e9 puerta es la del H2-V (hidr\u00f3geno verde) y a d\u00f3nde puede conducirnos?&#8221;. <\/strong><\/span><strong><br \/>\n<\/strong><\/span><\/p>\n<p><span style=\"color: #000000;\">Disertante: <strong><span style=\"font-size: 14pt;\">Ing. Ariel Juan Testino<\/span><br \/>\n<\/strong><\/span><\/p>\n<p><span style=\"color: #000000;\">Fecha:<span style=\"font-size: 14pt;\"> <strong>25\/11\/2021 &#8211; 18hs Virtual<\/strong><\/span><\/span><\/p>\n<p><span style=\"color: #000000;\">Resoluci\u00f3n N\u00b0:<a href=\"https:\/\/drive.google.com\/file\/d\/17QkQ-3IXbZ-Wp2IjvxrPXr1y6KheGoIz\/view?usp=sharing\" target=\"_blank\" rel=\"noopener\"><span style=\"font-size: 14pt;\"><strong> 821\/21 DFCE<\/strong><\/span><\/a><\/span>[\/vc_column_text][vc_btn title=&#8221;Reproducir la Charla&#8221; color=&#8221;purple&#8221; align=&#8221;left&#8221; i_type=&#8221;linecons&#8221; i_icon_linecons=&#8221;vc_li vc_li-clip&#8221; add_icon=&#8221;true&#8221; link=&#8221;url:https%3A%2F%2Fyoutu.be%2F1SQmpgJtSJ0|target:_blank&#8221;][vc_empty_space height=&#8221;120px&#8221;][vc_column_text]<span style=\"color: #000000;\">Charla: <span style=\"font-size: 14pt;\"><strong>&#8220;Informaci\u00f3n y participaci\u00f3n de la comunidad en la defensa del ambiente&#8221;. <\/strong><\/span><strong><br \/>\n<\/strong><\/span><\/p>\n<p><span style=\"color: #000000;\">Disertante: <strong><span style=\"font-size: 14pt;\">Abg. Daniel Lago<\/span><\/strong><\/span><\/p>\n<p><span style=\"color: #000000;\">Fecha: <span style=\"font-size: 14pt;\"><strong>20\/10\/2021 &#8211; 17 hs &#8211; Virtual<\/strong><\/span><\/span><\/p>\n<p><span style=\"color: #000000;\">Resoluci\u00f3n N\u00b0:<a href=\"https:\/\/drive.google.com\/file\/d\/1vyV3VCFJilIR0uPEkan7m_5zFdEo2ETi\/view?usp=sharing\" target=\"_blank\" rel=\"noopener\"><span style=\"font-size: 14pt;\"><strong> 740\/21 DFCE<\/strong><\/span><\/a><\/span>[\/vc_column_text][vc_btn title=&#8221;Reproducir la Charla&#8221; color=&#8221;purple&#8221; align=&#8221;left&#8221; i_type=&#8221;linecons&#8221; i_icon_linecons=&#8221;vc_li vc_li-clip&#8221; add_icon=&#8221;true&#8221; link=&#8221;url:https%3A%2F%2Fyoutu.be%2FoMXsojJbYNQ|target:_blank&#8221;][vc_empty_space height=&#8221;120px&#8221;][vc_text_separator title=&#8221;2022&#8243; color=&#8221;green&#8221; style=&#8221;double&#8221; border_width=&#8221;5&#8243; css_animation=&#8221;bounceInRight&#8221; css=&#8221;&#8221;][vc_empty_space][vc_empty_space][vc_column_text]<span style=\"color: #000000;\">Charla: <strong><span style=\"font-size: 14pt;\">&#8220;Proyecci\u00f3n y an\u00e1lisis del documental PROYECTO PARQUE PATAGONIA. Impactos econ\u00f3micos, sociales y ambientales&#8221;<\/span>. <\/strong>Actividad realizada en el marco del Proyecto de Extensi\u00f3n &#8220;Ciclo de cine ambiental del Ateneo en Administraci\u00f3n Ambiental&#8221;<strong><br \/>\n<\/strong><\/span><\/p>\n<p><span style=\"color: #000000;\">Coordinaci\u00f3n: <span style=\"font-size: 14pt;\"><strong>TUAA. Marcela M. Denadei<\/strong><\/span><\/span><\/p>\n<p><span style=\"color: #000000;\">Fecha:<span style=\"font-size: 14pt;\"> <strong>07\/07\/2022 &#8211; 18hs<br \/>\n<\/strong><\/span><\/span><\/p>\n<p><span style=\"color: #000000;\">Resoluci\u00f3n N\u00b0:<a href=\"https:\/\/drive.google.com\/file\/d\/1YZIPDcdQGbe56k9ir38PmheEM5tuym4D\/view?usp=sharing\" target=\"_blank\" rel=\"noopener\"><span style=\"font-size: 14pt;\"><strong> 606\/22 DFCE<\/strong><\/span><\/a><\/span>[\/vc_column_text][vc_empty_space height=&#8221;60&#8243;][vc_column_text]<span style=\"color: #000000;\">Charla: <span style=\"font-size: 14pt;\"><strong>&#8220;An\u00e1lisis de la administraci\u00f3n de los mares y los oc\u00e9anos y las diferentes actividades humanas y sus impactos&#8221;. <\/strong><\/span><strong><br \/>\n<\/strong><\/span><\/p>\n<p><span style=\"color: #000000;\">Coordinaci\u00f3n:<span style=\"font-size: 14pt;\"> <strong>TUAA\u00a0Marcela Myriam Denadei<\/strong><\/span><\/span><\/p>\n<p><span style=\"color: #000000;\">Fecha: <span style=\"font-size: 14pt;\"><strong>29<\/strong><strong>\/09\/2022\u00a0<\/strong><\/span><\/span><\/p>\n<p><span style=\"color: #000000;\">Resoluci\u00f3n N\u00b0 : <span style=\"font-size: 14pt; color: #333399;\"><strong><a style=\"color: #333399;\" href=\"https:\/\/drive.google.com\/file\/d\/1LjkpzTnSArinU7Xl4J4hrRE8w12fEvxN\/view?usp=sharing\">783\/2022 DFCE<\/a><\/strong><\/span><\/span>[\/vc_column_text][vc_text_separator title=&#8221;2023&#8243; color=&#8221;green&#8221; style=&#8221;double&#8221; border_width=&#8221;5&#8243; css_animation=&#8221;bounceInRight&#8221; css=&#8221;&#8221;][vc_empty_space][vc_column_text]<span style=\"color: #000000;\">Charla: <span style=\"font-size: 14pt;\"><strong>&#8220;El trabajo de los recuperadores urbanos y su relaci\u00f3n con la econom\u00eda circular&#8221;. <\/strong><\/span><strong><br \/>\n<\/strong><\/span><\/p>\n<p><span style=\"color: #000000;\">Disertantes<b>: TUAA Marcela Denadei, Mg. Mariana Vall\u00e9s y Cinthia Zamora<\/b><\/span><\/p>\n<p><span style=\"color: #000000;\">Fecha: <strong><span style=\"font-size: 14pt;\">16\/11\/2023 &#8211; Horario: 17 a 19 hs &#8211; <\/span><\/strong><span style=\"font-size: 14pt;\">Modalidad virtual<\/span><strong><span style=\"font-size: 14pt;\">.<\/span><\/strong><\/span><\/p>\n<p><span style=\"color: #000000;\">Resoluci\u00f3n N\u00b0 : <span style=\"font-family: arial, sans-serif;\"><a href=\"https:\/\/drive.google.com\/file\/d\/1m9GPF5vAAyuv3wgrMPTf6-FMiI5R_mNG\/view?usp=sharing\"><strong><span style=\"color: #333399; font-size: 14pt;\">633\/23 DFCE y Resoluci\u00f3n CD_FHCSCR-SJB: 474\/2023<\/span><\/strong><\/a><br clear=\"none\" \/><\/span><\/span>[\/vc_column_text][vc_text_separator title=&#8221;2024&#8243; color=&#8221;green&#8221; style=&#8221;double&#8221; border_width=&#8221;5&#8243; css_animation=&#8221;bounceInRight&#8221; css=&#8221;&#8221;][vc_empty_space][vc_column_text]<span style=\"color: #000000;\">Charla: <span style=\"font-size: 14pt;\"><strong>&#8220;Cultura para el Desarrollo Sostenible&#8221;. <\/strong><\/span><strong><br \/>\n<\/strong><\/span><\/p>\n<p><span style=\"color: #000000;\">Disertantes<b>: TUAA Marcela Denadei, Mg. Mariana Vall\u00e9s y alumna Cinthia Zamora<br \/>\n<\/b><\/span><\/p>\n<p><span style=\"color: #000000;\">Fecha:\u00a0<strong><span style=\"font-size: 14pt;\">21\/08\/2024 &#8211;<br \/>\n<\/span><\/strong>\u00a0Lugar: <strong>Instituto Superior de Formaci\u00f3n Docente Art\u00edstica N\u00b0 805 &#8211; Anexo Gaiman<\/strong><br clear=\"none\" \/><\/span><\/p>\n<p><span style=\"color: #000000;\">Resoluci\u00f3n Digital <strong><span style=\"font-size: 14pt; color: #333399;\"><a style=\"color: #333399;\" href=\"https:\/\/drive.google.com\/file\/d\/1caq3dDKLwfnkzTqjWie63QaaChzXGs5S\/view?usp=sharing\">DFCE 169\/2024<\/a><\/span><\/strong><span style=\"font-family: arial, sans-serif;\"><br clear=\"none\" \/><\/span><\/span>[\/vc_column_text][\/vc_column_inner][\/vc_row_inner][\/vc_tta_section][vc_tta_section title=&#8221;Publicaciones&#8221; tab_id=&#8221;1661021882675-0f45e87a-69c3&#8243;][vc_row_inner][vc_column_inner width=&#8221;1\/4&#8243;][vc_single_image image=&#8221;14239&#8243; img_size=&#8221;large&#8221; alignment=&#8221;center&#8221; style=&#8221;vc_box_shadow&#8221; onclick=&#8221;custom_link&#8221; img_link_target=&#8221;_blank&#8221; link=&#8221;https:\/\/web.sistemasfce.com.ar\/wordpress\/wp-content\/uploads\/2023\/09\/Acuerdo-de-Escazu-DOCUMENTO-DE-TRABAJO-ATENEO-EN-ADMINISTRACION-AMBIENTAL-DE-LA-FCE-SEDE-TRELEW-licencia-CREATIVE-COMMONS.pdf&#8221;][\/vc_column_inner][vc_column_inner width=&#8221;3\/4&#8243;][vc_column_text]<span style=\"color: #000000;\"><span style=\"text-decoration: underline;\">Documento de Trabajo<\/span>: <strong><span style=\"font-size: 14pt;\">&#8220;Acuerdo de Escaz\u00fa&#8221;<\/span><\/strong><\/span><\/p>\n<p><span style=\"color: #000000;\">Los miembros del Ateneo elaboraron el presente documento con el fin de aportar a la divulgaci\u00f3n de su contenido y fomentar la participaci\u00f3n ciudadana en asuntos ambientales, destacando la importancia de la democracia ambiental para la atenci\u00f3n de las problem\u00e1ticas socio-ambientales.<\/span><\/p>\n<p><span style=\"color: #000000;\"><span style=\"text-decoration: underline;\">Direcci\u00f3n<\/span>: <strong>TUAA. Marcela denadei<\/strong><\/span><\/p>\n<p><span style=\"color: #000000;\"><span style=\"text-decoration: underline;\">Coordinaci\u00f3n<\/span>: <strong>Mg. Mariana Valles<\/strong><\/span><\/p>\n<p><span style=\"color: #000000;\"><span style=\"text-decoration: underline;\">Revisi\u00f3n jur\u00eddica<\/span>: <strong>Abg. Mariano Gutierrez Azparren<\/strong><\/span><\/p>\n<p><span style=\"color: #000000;\"><span style=\"text-decoration: underline;\">Alumnos Colaboradore<\/span>s: <strong>Torrea, M\u00f3nica<\/strong> &#8211; <strong>Morano, Mar\u00eda Bel\u00e9n<\/strong> &#8211; <strong>Zamora Cinthia Bel\u00e9n<\/strong> &#8211; <strong>Gonzalez, Carla Selene<\/strong> &#8211; <strong>Serruyia Aloisi, David Ignacio<\/strong> &#8211; <strong>Orozco, Lucas Franco<\/strong><\/span><\/p>\n<p><span style=\"color: #000000;\"><span style=\"text-decoration: underline;\">Colaborador Externo<\/span>: <strong>Puntel, Mariana<\/strong><\/span>[\/vc_column_text][vc_empty_space][\/vc_column_inner][\/vc_row_inner][\/vc_tta_section][vc_tta_section title=&#8221;Proyectos de Extensi\u00f3n&#8221; tab_id=&#8221;1661459553564-996f758b-39db&#8221;][vc_separator color=&#8221;violet&#8221;][vc_row_inner][vc_column_inner width=&#8221;1\/4&#8243;][vc_empty_space height=&#8221;57px&#8221;][vc_single_image image=&#8221;14619&#8243; img_size=&#8221;full&#8221;][vc_empty_space height=&#8221;40&#8243;][vc_single_image image=&#8221;14864&#8243; img_size=&#8221;full&#8221;][vc_single_image image=&#8221;14620&#8243; img_size=&#8221;medium&#8221; alignment=&#8221;center&#8221;][vc_single_image image=&#8221;14618&#8243; img_size=&#8221;full&#8221;][vc_single_image image=&#8221;14624&#8243; img_size=&#8221;200&#215;200&#8243; alignment=&#8221;center&#8221;][vc_empty_space height=&#8221;57px&#8221;][vc_single_image image=&#8221;14616&#8243; img_size=&#8221;full&#8221;][vc_single_image image=&#8221;14799&#8243; img_size=&#8221;full&#8221;][\/vc_column_inner][vc_column_inner width=&#8221;3\/4&#8243;][vc_empty_space height=&#8221;64px&#8221;][vc_column_text]<span style=\"color: #000000;\"><span style=\"text-decoration: underline;\">T\u00edtulo<\/span>:<strong><span style=\"font-size: 14pt;\"> \u201cCiclo de cine ambiental del ateneo en Administraci\u00f3n Ambiental\u201d<\/span><\/strong><\/span><\/p>\n<p><span style=\"color: #000000;\"><span style=\"text-decoration: underline;\">Director<\/span>: <strong><span style=\"font-size: 14pt;\">Mg. Mariana Beatr\u00edz Vall\u00e9s<\/span><\/strong><\/span><\/p>\n<p><span style=\"color: #000000;\"><span style=\"text-decoration: underline;\">Resoluci\u00f3n N\u00b0<\/span>: <a href=\"https:\/\/drive.google.com\/file\/d\/1kb8WwViviYg5ElJH3gVIJsXf2dIaGwqS\/view?usp=sharing\" target=\"_blank\" rel=\"noopener\"><strong><span style=\"font-size: 14pt;\">600\/22 DFCE<\/span><\/strong><\/a><\/span>[\/vc_column_text][vc_empty_space][vc_separator color=&#8221;violet&#8221;][vc_empty_space][vc_empty_space][vc_column_text]<span style=\"color: #000000;\"><span style=\"text-decoration: underline;\">T\u00edtulo<\/span>:<strong><span style=\"font-size: 14pt;\"> \u201cLa efem\u00e9ride ambiental como disparador para generar conciencia y valores\u201d<\/span><\/strong><\/span><\/p>\n<p><span style=\"color: #000000;\"><span style=\"text-decoration: underline;\">Director<\/span>: <strong><span style=\"font-size: 14pt;\">TUAA. Marcela M. Denadei<\/span><\/strong><\/span><\/p>\n<p><span style=\"color: #000000;\"><span style=\"text-decoration: underline;\">Resoluci\u00f3n N\u00b0<\/span>: <a href=\"https:\/\/drive.google.com\/file\/d\/1USaPGOz9fVwHfsLMvmSlZT5nIP1vvXTd\/view?usp=sharing\" target=\"_blank\" rel=\"noopener\"><strong><span style=\"font-size: 14pt;\">496\/22 DFCE<\/span><\/strong><\/a><\/span>[\/vc_column_text][vc_separator color=&#8221;violet&#8221;][vc_empty_space][vc_empty_space][vc_column_text]<span style=\"color: #000000;\"><span style=\"text-decoration: underline;\">T\u00edtulo<\/span>:<strong><span style=\"font-size: 14pt;\"> \u201cLectura y an\u00e1lisis del acuerdo de Escazu. Su importancia en el marco del acceso a la informaci\u00f3n p\u00fablica ambiental en Argentina\u201d<\/span><\/strong><\/span><\/p>\n<p><span style=\"color: #000000;\"><span style=\"text-decoration: underline;\">Director<\/span>: <strong><span style=\"font-size: 14pt;\">TUAA. Marcela M. Denadei<\/span><\/strong><\/span><\/p>\n<p><span style=\"color: #000000;\"><span style=\"text-decoration: underline;\">Resoluci\u00f3n N\u00b0<\/span>: <a href=\"https:\/\/drive.google.com\/file\/d\/1aLM3VyDuSwzCdove4Z0LjczNn-b037md\/view?usp=sharing\" target=\"_blank\" rel=\"noopener\"><strong><span style=\"font-size: 14pt;\">534\/22 DFCE<\/span><\/strong><\/a><\/span>[\/vc_column_text][vc_empty_space][vc_empty_space][vc_empty_space][vc_separator color=&#8221;violet&#8221;][vc_empty_space][vc_column_text]<span style=\"color: #000000;\"><span style=\"text-decoration: underline;\">T\u00edtulo<\/span>:<strong><span style=\"font-size: 14pt;\"> \u201cColaboraci\u00f3n con el Ministerio de Ambiente y Control del Desarrollo Sustentable en la Formaci\u00f3n de\u00a0Agentes P\u00fablicos \u2013 Ley Yolanda \u2013 Econom\u00eda Circular, en el Marco del Ateneo en Administraci\u00f3n\u00a0Ambiental\u201d<\/span><\/strong><\/span><\/p>\n<p><span style=\"color: #000000;\"><span style=\"text-decoration: underline;\">Director<\/span>: <span style=\"font-size: 14pt;\"><strong><span style=\"font-family: arial, sans-serif;\">Mg.\u00a0<\/span>Mariana Beatriz Vall\u00e9s<\/strong><\/span><\/span><\/p>\n<p><span style=\"color: #000000;\"><span style=\"text-decoration: underline;\">Resoluci\u00f3n N\u00b0<\/span>: <a href=\"https:\/\/drive.google.com\/file\/d\/1NIks6h7S9URvBrKyD5HIrqMi4YWOXuyh\/view?usp=sharing\"><strong><span style=\"color: #333399; font-size: 14pt;\">121\/24 DFCE<\/span><\/strong><\/a><\/span>[\/vc_column_text][vc_separator color=&#8221;violet&#8221;][vc_empty_space][vc_column_text]<span style=\"color: #000000;\"><span style=\"text-decoration: underline;\">T\u00edtulo<\/span>:<strong><span style=\"font-size: 14pt;\"> Capacitaci\u00f3n Ambiental para los Recuperadores Urbanos de las Cooperativas &#8220;Recuperadores del Sur&#8221; y &#8220;Nueva Esperanza&#8221;.<br \/>\n<\/span><\/strong><\/span><\/p>\n<p><span style=\"color: #000000;\"><span style=\"text-decoration: underline;\">Capacitadoras<\/span>:\u00a0<strong><span style=\"font-size: 14pt;\">Marcela M. Denadei, Mariana B. Vall\u00e9s, Antonella R. Porfiri y Cinthia B. Zamora.<\/span><\/strong><\/span><\/p>\n<p><span style=\"color: #000000;\"><span style=\"text-decoration: underline;\">Resoluci\u00f3n de rectorado 10 N\u00b0<\/span>: <a href=\"https:\/\/drive.google.com\/file\/d\/1WPtF2ACQCOgW1joyfyISdwQ8nDtty1Ga\/view?usp=sharing\"><span style=\"color: #333399; font-size: 14pt;\"><strong>792\/22<\/strong><\/span><\/a><\/span>[\/vc_column_text][vc_empty_space][vc_separator color=&#8221;violet&#8221;][vc_empty_space][vc_column_text]<span style=\"color: #000000;\"><span style=\"text-decoration: underline;\">T\u00edtulo<\/span>:<strong><span style=\"font-size: 14pt;\"> \u201cLos Objetivos de Desarrollo Sostenible (ODS) y el derecho\u00a0ambiental en nuestra Constituci\u00f3n Nacional, en el marco de los 40 a\u00f1os de democracia en Argentina.\u201d<\/span><\/strong><\/span><\/p>\n<p><span style=\"color: #000000;\"><span style=\"text-decoration: underline;\">Director<\/span>: <strong><span style=\"font-size: 14pt;\">TUAA\u00a0Marcela Miryam Denadei<\/span><\/strong><\/span><\/p>\n<p><span style=\"color: #000000;\"><span style=\"text-decoration: underline;\">Resoluci\u00f3n N\u00b0<\/span>:<a href=\"https:\/\/drive.google.com\/file\/d\/1vHneQdokUJC4oOJobx2iVc_FN8Dguy1v\/view?usp=sharing\"><span style=\"font-size: 14pt; color: #333399;\"><strong> 176\/24 DFCE<\/strong><\/span><\/a><\/span>[\/vc_column_text][vc_empty_space][vc_separator color=&#8221;violet&#8221;][vc_column_text]<span style=\"color: #000000;\"><span style=\"text-decoration: underline;\">T\u00edtulo<\/span>:<strong><span style=\"font-size: 14pt;\"> \u201cVisita al Parque E\u00f3lico Aluar en el Marco del Ateneo en Administraci\u00f3n Ambiental\u201d<\/span><\/strong><\/span><\/p>\n<p><span style=\"color: #000000;\"><span style=\"text-decoration: underline;\">Coordinador<\/span>: <strong><span style=\"font-size: 14pt;\">TUAA\u00a0Marcela Miryam Denadei<\/span><\/strong><\/span><\/p>\n<p><span style=\"color: #000000;\"><span style=\"text-decoration: underline;\">Resoluci\u00f3n N\u00b0<\/span>:<a href=\"https:\/\/drive.google.com\/file\/d\/1s3bBB0NyWTSG0fBoZIbdSwnPfrgQm_SO\/view?usp=sharing\"><span style=\"font-size: 14pt; color: #333399;\"><strong> 90\/24 DFCE<\/strong><\/span><\/a><\/span>[\/vc_column_text][\/vc_column_inner][\/vc_row_inner][\/vc_tta_section][vc_tta_section title=&#8221;Im\u00e1genes&#8221; tab_id=&#8221;1661459561347-24f299de-b188&#8243;][vc_masonry_media_grid grid_id=&#8221;vc_gid:1752184762033-3e7d9796ac7a4c2803cc4559effb6f6f-3&#8243; include=&#8221;12915,12916,12918,12914,12913,12912,12911,12917,12910&#8243;][\/vc_tta_section][\/vc_tta_tabs][\/vc_column][\/vc_row][vc_row][vc_column width=&#8221;1\/4&#8243;][\/vc_column][vc_column width=&#8221;3\/4&#8243;][\/vc_column][\/vc_row]<\/p>\n<\/div><\/div>","protected":false},"excerpt":{"rendered":"<p>[vc_row][vc_column width=&#8221;1\/6&#8243;][vc_icon icon_fontawesome=&#8221;fas fa-angle-double-left&#8221; link=&#8221;url:http%3A%2F%2Fweb.sistemasfce.com.ar%2Fwordpress%2Findex.php%2Fateneos-administracion%2F|title:Volver%20Ateneos%20Administraci%C3%B3n&#8221;][\/vc_column][vc_column width=&#8221;5\/6&#8243;][\/vc_column][\/vc_row][vc_row][vc_column][vc_tta_tabs title_tag=&#8221;h5&#8243; style=&#8221;modern&#8221; color=&#8221;green&#8221; spacing=&#8221;3&#8243; gap=&#8221;5&#8243; active_section=&#8221;1&#8243; pagination_style=&#8221;outline-square&#8221; pagination_color=&#8221;green&#8221; no_fill_content_area=&#8221;true&#8221; &hellip; <\/p>\n","protected":false},"author":6,"featured_media":0,"parent":0,"menu_order":0,"comment_status":"closed","ping_status":"closed","template":"","meta":{"pmpro_default_level":"","footnotes":""},"class_list":["post-12847","page","type-page","status-publish","hentry","pmpro-has-access"],"_links":{"self":[{"href":"https:\/\/web.sistemasfce.com.ar\/wordpress\/index.php\/wp-json\/wp\/v2\/pages\/12847","targetHints":{"allow":["GET"]}}],"collection":[{"href":"https:\/\/web.sistemasfce.com.ar\/wordpress\/index.php\/wp-json\/wp\/v2\/pages"}],"about":[{"href":"https:\/\/web.sistemasfce.com.ar\/wordpress\/index.php\/wp-json\/wp\/v2\/types\/page"}],"author":[{"embeddable":true,"href":"https:\/\/web.sistemasfce.com.ar\/wordpress\/index.php\/wp-json\/wp\/v2\/users\/6"}],"replies":[{"embeddable":true,"href":"https:\/\/web.sistemasfce.com.ar\/wordpress\/index.php\/wp-json\/wp\/v2\/comments?post=12847"}],"version-history":[{"count":47,"href":"https:\/\/web.sistemasfce.com.ar\/wordpress\/index.php\/wp-json\/wp\/v2\/pages\/12847\/revisions"}],"predecessor-version":[{"id":15333,"href":"https:\/\/web.sistemasfce.com.ar\/wordpress\/index.php\/wp-json\/wp\/v2\/pages\/12847\/revisions\/15333"}],"wp:attachment":[{"href":"https:\/\/web.sistemasfce.com.ar\/wordpress\/index.php\/wp-json\/wp\/v2\/media?parent=12847"}],"curies":[{"name":"wp","href":"https:\/\/api.w.org\/{rel}","templated":true}]}}