{"id":11945,"date":"2022-01-05T19:49:41","date_gmt":"2022-01-05T19:49:41","guid":{"rendered":"https:\/\/web.sistemasfce.com.ar\/wordpress\/?page_id=11945"},"modified":"2022-09-16T19:11:49","modified_gmt":"2022-09-16T19:11:49","slug":"__trashed","status":"publish","type":"page","link":"https:\/\/web.sistemasfce.com.ar\/wordpress\/index.php\/__trashed\/","title":{"rendered":"Reforma Curricular"},"content":{"rendered":"<div class=\"wpb-content-wrapper\"><div id=\"modal-ready\"><p>[vc_row][vc_column][vc_column_text]<\/p>\n<p><span style=\"font-size: 14pt;\"><strong>Resoluci\u00f3n N\u00b0 063\/12<\/strong>: Da inicio formal al proceso de Reforma Curricular.<\/span>[\/vc_column_text][vc_btn title=&#8221;Descargar documento&#8221; color=&#8221;blue&#8221; align=&#8221;center&#8221; i_type=&#8221;material&#8221; i_icon_material=&#8221;vc-material vc-material-arrow_downward&#8221; add_icon=&#8221;true&#8221; link=&#8221;url:http%3A%2F%2Fweb.sistemasfce.com.ar%2Fwordpress%2Fwp-content%2Fuploads%2F2022%2F01%2F063-12_CD.pdf|target:_blank&#8221;][vc_tta_tour style=&#8221;modern&#8221; color=&#8221;purple&#8221; spacing=&#8221;10&#8243; gap=&#8221;10&#8243; controls_size=&#8221;sm&#8221; active_section=&#8221;1&#8243; pagination_style=&#8221;flat-square&#8221; pagination_color=&#8221;blue&#8221; no_fill_content_area=&#8221;true&#8221; title=&#8221;Resoluciones que acompa\u00f1an el Proceso de Reforma Curricular&#8221;][vc_tta_section title=&#8221;Marco Conceptual&#8221; tab_id=&#8221;1641417919814-94bec5e0-f21e&#8221;][vc_column_text]<!--more--><\/p>\n<p>&nbsp;<\/p>\n<p><span style=\"color: #000000;\"><em><strong>Resoluci\u00f3n N\u00b0 083\/12 CDFCE: <\/strong><\/em>Aprobaci\u00f3n del Marco Conceptual para el dise\u00f1o de la Estructura Curricular, como base para el Proceso de Reforma Curricular.<\/span>[\/vc_column_text][vc_btn title=&#8221;Resoluci\u00f3n 083\/12 CDFCE&#8221; color=&#8221;blue&#8221; size=&#8221;xs&#8221; align=&#8221;center&#8221; i_type=&#8221;material&#8221; i_icon_material=&#8221;vc-material vc-material-arrow_downward&#8221; add_icon=&#8221;true&#8221; link=&#8221;url:https%3A%2F%2Fdrive.google.com%2Ffile%2Fd%2F17ngn8n72HCvyF5-6XHV2zmTSwAtI_w1r%2Fview%3Fusp%3Dsharing|target:_blank&#8221;][vc_column_text]<!--more--><\/p>\n<p>&nbsp;<\/p>\n<p><span style=\"color: #000000;\"><em><strong>Resoluci\u00f3n N\u00b0 099\/12 CDFCE: <\/strong><\/em>Aprobaci\u00f3n del Marco Conceptual para el dise\u00f1o de la Estructura Curricular, el Ciclo Inicial, las \u00c1reas que comprende y los Objetivos Generales y Espec\u00edficos de cada una de las \u00e1reas.<\/span>[\/vc_column_text][vc_btn title=&#8221;Resoluci\u00f3n 099\/12 CDFCE&#8221; color=&#8221;blue&#8221; size=&#8221;xs&#8221; align=&#8221;center&#8221; i_type=&#8221;material&#8221; i_icon_material=&#8221;vc-material vc-material-arrow_downward&#8221; add_icon=&#8221;true&#8221; link=&#8221;url:https%3A%2F%2Fdrive.google.com%2Ffile%2Fd%2F1sjKaQFEWvBQy7d97UbgwbFAyc88Pwc7Y%2Fview%3Fusp%3Dsharing|target:_blank&#8221;][vc_column_text]<!--more--><\/p>\n<p>&nbsp;<\/p>\n<p><span style=\"color: #000000;\"><em><strong>Resoluci\u00f3n N\u00b0 114\/12 CDFCE: <\/strong><\/em>Aprobaci\u00f3n de la Fundamentaci\u00f3n y Propuesta del Ciclo de Vinculaci\u00f3n con el Medio (CVM) de la Estructura Curricular.<\/span>[\/vc_column_text][vc_btn title=&#8221;Resoluci\u00f3n 114\/12 CDFCE&#8221; color=&#8221;blue&#8221; size=&#8221;xs&#8221; align=&#8221;center&#8221; i_type=&#8221;material&#8221; i_icon_material=&#8221;vc-material vc-material-arrow_downward&#8221; add_icon=&#8221;true&#8221; link=&#8221;url:https%3A%2F%2Fdrive.google.com%2Ffile%2Fd%2F1Qr-ccF6V2gLl79EACVNnjmYXOmfJHFBl%2Fview%3Fusp%3Dsharing|target:_blank&#8221;][\/vc_tta_section][vc_tta_section title=&#8221;Carreras y Perfiles&#8221; tab_id=&#8221;1641418011695-57a76743-9ab1&#8243;][vc_column_text]<!--more--><\/p>\n<p>&nbsp;<\/p>\n<p><span style=\"color: #000000;\"><em><strong>Resoluci\u00f3n 027\/13 CDFCE:<\/strong> <\/em>Aprobaci\u00f3n del Perfil General de los Graduados de la FCE, las Carreras y los Perfiles Espec\u00edficos de cada una de ellas.<\/span>[\/vc_column_text][vc_btn title=&#8221;Resoluci\u00f3n 027\/13 CDFCE&#8221; color=&#8221;blue&#8221; size=&#8221;xs&#8221; align=&#8221;center&#8221; i_type=&#8221;material&#8221; i_icon_material=&#8221;vc-material vc-material-arrow_downward&#8221; add_icon=&#8221;true&#8221; link=&#8221;url:https%3A%2F%2Fdrive.google.com%2Ffile%2Fd%2F1Rp81UCvjhxay982svDa6pJR1wBNncA_4%2Fview%3Fusp%3Dsharing|target:_blank&#8221;][vc_column_text]<!--more--><\/p>\n<p><span style=\"color: #000000;\"><em><strong>Resoluci\u00f3n N\u00b0 036\/13 CDFCE:<\/strong> <\/em>Aprobaci\u00f3n de la Estructura General de las Carreras de Pre-grado de la FCE, dentro del proyecto de Reforma Curricular.<\/span>[\/vc_column_text][vc_btn title=&#8221;Resoluci\u00f3n 036\/13 CDFCE&#8221; color=&#8221;blue&#8221; size=&#8221;xs&#8221; align=&#8221;center&#8221; i_type=&#8221;material&#8221; i_icon_material=&#8221;vc-material vc-material-arrow_downward&#8221; add_icon=&#8221;true&#8221; link=&#8221;url:https%3A%2F%2Fdrive.google.com%2Ffile%2Fd%2F1ZsHc6u62z1OXyewiFiAC8S7mdUVO8InL%2Fview%3Fusp%3Dsharing|target:_blank&#8221;][vc_column_text]<!--more--><\/p>\n<p><span style=\"color: #000000;\"><em><strong>Resoluci\u00f3n N\u00b0 001\/14 CDFCE:<\/strong> <\/em>Aprobaci\u00f3n de Fundamentos, Perfiles Profesionales,\u00a0 y Carreras de Pre-grado de la FCE, dentro del proyecto de Reforma Curricular.<\/span>[\/vc_column_text][vc_btn title=&#8221;Resoluci\u00f3n 001\/14 CDFCE&#8221; color=&#8221;blue&#8221; size=&#8221;xs&#8221; align=&#8221;center&#8221; i_type=&#8221;material&#8221; i_icon_material=&#8221;vc-material vc-material-arrow_downward&#8221; add_icon=&#8221;true&#8221; link=&#8221;url:https%3A%2F%2Fdrive.google.com%2Ffile%2Fd%2F1VQEKomhya91ct3tobhf-W_ruk2TrU3Df%2Fview%3Fusp%3Dsharing|target:_blank&#8221;][\/vc_tta_section][vc_tta_section title=&#8221;Contenidos M\u00ednimos&#8221; tab_id=&#8221;1641418061783-2e715914-c213&#8243;][vc_column_text]<!--more--><\/p>\n<p>&nbsp;<\/p>\n<p><span style=\"color: #000000;\"><em><strong>Resoluci\u00f3n 066\/15 CDFCE: <\/strong><\/em>Modificaci\u00f3n del Perfil General de la Carrera de<em> Pre Grado Tecnicatura Universitaria Contable<\/em>.<\/span>[\/vc_column_text][vc_btn title=&#8221;Resoluci\u00f3n 066\/15 CDFCE&#8221; color=&#8221;blue&#8221; size=&#8221;xs&#8221; align=&#8221;center&#8221; i_type=&#8221;material&#8221; i_icon_material=&#8221;vc-material vc-material-arrow_downward&#8221; add_icon=&#8221;true&#8221; link=&#8221;url:http%3A%2F%2Ftahio.sistemasfce.com.ar%2Fdocu%2Ftemp%2Fresol_2015_066-15.pdf|target:_blank&#8221;][vc_column_text]<!--more--><\/p>\n<p>&nbsp;<\/p>\n<p><span style=\"color: #000000;\"><em><strong>Resoluci\u00f3n 090\/15 CDFCE: <\/strong><\/em>Modificaci\u00f3n del perfiles de las Carreras de<em> Pre Grado <\/em>y aprobaci\u00f3n de los contenidos m\u00ednimos de todas las \u00e1reas disciplinares.<\/span>[\/vc_column_text][vc_btn title=&#8221;Resoluci\u00f3n 090\/15 CDFCE&#8221; color=&#8221;blue&#8221; size=&#8221;xs&#8221; align=&#8221;center&#8221; i_type=&#8221;material&#8221; i_icon_material=&#8221;vc-material vc-material-arrow_downward&#8221; add_icon=&#8221;true&#8221; link=&#8221;url:http%3A%2F%2Ftahio.sistemasfce.com.ar%2Fdocu%2Ftemp%2Fresol_2015_090-15.pdf|target:_blank&#8221;][vc_column_text]<!--more--><\/p>\n<p>&nbsp;<\/p>\n<p><span style=\"color: #000000;\"><em><strong>Resoluci\u00f3n 067\/15 CDFCE:<\/strong><\/em> Aprobaci\u00f3n <em>contenidos m\u00ednimos<\/em> en las \u00e1reas disciplinares Econom\u00eda y Administraci\u00f3n para la carrera de <em>Contador P\u00fablico<\/em>, contenidos m\u00ednimos en las \u00e1reas disciplinares<em> Econom\u00eda y Contabilidad <\/em>para la carrera de<em> Licenciatura en Administraci\u00f3n<\/em> y contenidos m\u00ednimos en las \u00e1reas disciplinares <em>Contabilidad y Administraci\u00f3n<\/em> en la carrera de <em>Licenciatura en Econom\u00eda<\/em>.<\/span>[\/vc_column_text][vc_btn title=&#8221;Resoluci\u00f3n 067\/15 CDFCE&#8221; color=&#8221;blue&#8221; size=&#8221;xs&#8221; align=&#8221;center&#8221; i_type=&#8221;material&#8221; i_icon_material=&#8221;vc-material vc-material-arrow_downward&#8221; add_icon=&#8221;true&#8221; link=&#8221;url:http%3A%2F%2Ftahio.sistemasfce.com.ar%2Fdocu%2Ftemp%2Fresol_2015_067-15.pdf|target:_blank&#8221;][vc_column_text]<!--more--><\/p>\n<p>&nbsp;<\/p>\n<p><span style=\"color: #000000;\"><em><strong>Resoluci\u00f3n 114\/15 CDFCE:<\/strong><\/em> Aprobaci\u00f3n <em>contenidos m\u00ednimos<\/em> de las carreras <em>Lic. en Sistemas de Gesti\u00f3n de Informaci\u00f3n P\u00fablica<\/em>, <em>Licenciado en Relaciones del Trabajo<\/em>, <em>Profesor Universitario de Econom\u00eda<\/em>, <em>Profesor Universitario de Contabilidad<\/em> y <em>Profesor Universitario en Administraci\u00f3n<\/em>.<\/span>[\/vc_column_text][vc_btn title=&#8221;Resoluci\u00f3n 114\/15 CDFCE&#8221; color=&#8221;blue&#8221; size=&#8221;xs&#8221; align=&#8221;center&#8221; i_type=&#8221;material&#8221; i_icon_material=&#8221;vc-material vc-material-arrow_downward&#8221; add_icon=&#8221;true&#8221; link=&#8221;url:http%3A%2F%2Ftahio.sistemasfce.com.ar%2Fdocu%2Ftemp%2Fresol_2015_114-15.pdf|target:_blank&#8221;][\/vc_tta_section][vc_tta_section title=&#8221;Bibliograf\u00eda sobre Articulaci\u00f3n&#8221; tab_id=&#8221;1641418111052-293cba4a-a2c9&#8243;][\/vc_tta_section][vc_tta_section title=&#8221;Boletines&#8221; tab_id=&#8221;1641418162337-71ab5ff6-f8a8&#8243;][\/vc_tta_section][\/vc_tta_tour][\/vc_column][\/vc_row]<\/p>\n<\/div><\/div>","protected":false},"excerpt":{"rendered":"<p>[vc_row][vc_column][vc_column_text] Resoluci\u00f3n N\u00b0 063\/12: Da inicio formal al proceso de Reforma Curricular.[\/vc_column_text][vc_btn title=&#8221;Descargar documento&#8221; color=&#8221;blue&#8221; &hellip; <\/p>\n","protected":false},"author":6,"featured_media":0,"parent":0,"menu_order":0,"comment_status":"closed","ping_status":"closed","template":"","meta":{"pmpro_default_level":"","footnotes":""},"class_list":["post-11945","page","type-page","status-publish","hentry","pmpro-has-access"],"_links":{"self":[{"href":"https:\/\/web.sistemasfce.com.ar\/wordpress\/index.php\/wp-json\/wp\/v2\/pages\/11945","targetHints":{"allow":["GET"]}}],"collection":[{"href":"https:\/\/web.sistemasfce.com.ar\/wordpress\/index.php\/wp-json\/wp\/v2\/pages"}],"about":[{"href":"https:\/\/web.sistemasfce.com.ar\/wordpress\/index.php\/wp-json\/wp\/v2\/types\/page"}],"author":[{"embeddable":true,"href":"https:\/\/web.sistemasfce.com.ar\/wordpress\/index.php\/wp-json\/wp\/v2\/users\/6"}],"replies":[{"embeddable":true,"href":"https:\/\/web.sistemasfce.com.ar\/wordpress\/index.php\/wp-json\/wp\/v2\/comments?post=11945"}],"version-history":[{"count":35,"href":"https:\/\/web.sistemasfce.com.ar\/wordpress\/index.php\/wp-json\/wp\/v2\/pages\/11945\/revisions"}],"predecessor-version":[{"id":12321,"href":"https:\/\/web.sistemasfce.com.ar\/wordpress\/index.php\/wp-json\/wp\/v2\/pages\/11945\/revisions\/12321"}],"wp:attachment":[{"href":"https:\/\/web.sistemasfce.com.ar\/wordpress\/index.php\/wp-json\/wp\/v2\/media?parent=11945"}],"curies":[{"name":"wp","href":"https:\/\/api.w.org\/{rel}","templated":true}]}}